{"id":4563,"date":"2021-10-19T11:28:55","date_gmt":"2021-10-19T11:28:55","guid":{"rendered":"https:\/\/consol.earth\/?page_id=4563"},"modified":"2022-07-20T15:03:58","modified_gmt":"2022-07-20T15:03:58","slug":"meditationstraining","status":"publish","type":"page","link":"https:\/\/consol.earth\/index.php\/meditationstraining\/","title":{"rendered":"Meditationstraining"},"content":{"rendered":"<div id=\"pl-4563\"  class=\"panel-layout\" ><div id=\"pg-4563-0\"  class=\"panel-grid panel-no-style\" ><div id=\"pgc-4563-0-0\"  class=\"panel-grid-cell\" ><div id=\"panel-4563-0-0-0\" class=\"so-panel widget widget_spacer panel-first-child panel-last-child\" data-index=\"0\" ><div\n\t\t\t\n\t\t\tclass=\"so-widget-spacer so-widget-spacer-spacer-style-d75171398898-4563\"\n\t\t\t\n\t\t>\r\n\r\n\r\n\r\n\r\n<div class=\"spacer\" style=\"height: 80px\">\r\n<\/div><\/div><\/div><\/div><\/div><div id=\"pg-4563-1\"  class=\"panel-grid panel-no-style\" ><div id=\"pgc-4563-1-0\"  class=\"panel-grid-cell\" ><div id=\"panel-4563-1-0-0\" class=\"so-panel widget widget_sow-image panel-first-child panel-last-child\" data-index=\"1\" ><div class=\" animated appear duration8 panel-widget-style panel-widget-style-for-4563-1-0-0\" ><div\n\t\t\t\n\t\t\tclass=\"so-widget-sow-image so-widget-sow-image-default-17bc2272b535-4563\"\n\t\t\t\n\t\t>\n\n<div class=\"sow-image-container\">\n\t\t<img src=\"https:\/\/i0.wp.com\/consol.earth\/wp-content\/uploads\/2021\/10\/Meditation1.png?fit=230%2C230&amp;ssl=1\" width=\"230\" height=\"230\" srcset=\"https:\/\/i0.wp.com\/consol.earth\/wp-content\/uploads\/2021\/10\/Meditation1.png?w=917&amp;ssl=1 917w, https:\/\/i0.wp.com\/consol.earth\/wp-content\/uploads\/2021\/10\/Meditation1.png?resize=300%2C300&amp;ssl=1 300w, https:\/\/i0.wp.com\/consol.earth\/wp-content\/uploads\/2021\/10\/Meditation1.png?resize=150%2C150&amp;ssl=1 150w, https:\/\/i0.wp.com\/consol.earth\/wp-content\/uploads\/2021\/10\/Meditation1.png?resize=768%2C768&amp;ssl=1 768w\" alt=\"\" loading=\"lazy\" \t\tclass=\"so-widget-image\"\/>\n\t<\/div>\n\n<\/div><\/div><\/div><\/div><\/div><div id=\"pg-4563-2\"  class=\"panel-grid panel-has-style\" ><div class=\"panel-row-style panel-row-style-for-4563-2\" ><div id=\"pgc-4563-2-0\"  class=\"panel-grid-cell\" ><div id=\"panel-4563-2-0-0\" class=\"so-panel widget widget_sow-headline panel-first-child panel-last-child\" data-index=\"2\" ><div\n\t\t\t\n\t\t\tclass=\"so-widget-sow-headline so-widget-sow-headline-default-a586199ec0be-4563\"\n\t\t\t\n\t\t><div class=\"sow-headline-container \">\n\t<h1 class='sow-headline'>Con\u2219Sol Technologie &amp; Methodik \"ORDENTLICHE MEDITATION\"<\/h1>\t\t\t\t\t<div class=\"decoration\">\n\t\t\t\t\t\t<div class=\"decoration-inside\"><\/div>\n\t\t\t\t\t<\/div>\n\t\t\t\t\t<\/div><\/div><\/div><\/div><\/div><\/div><div id=\"pg-4563-3\"  class=\"panel-grid panel-has-style\" ><div class=\"panel-row-style panel-row-style-for-4563-3\" ><div id=\"pgc-4563-3-0\"  class=\"panel-grid-cell\" ><div id=\"panel-4563-3-0-0\" class=\"so-panel widget widget_sow-image panel-first-child\" data-index=\"3\" ><div\n\t\t\t\n\t\t\tclass=\"so-widget-sow-image so-widget-sow-image-default-d6014b76747a-4563\"\n\t\t\t\n\t\t>\n\n<div class=\"sow-image-container\">\n\t\t<img src=\"https:\/\/i0.wp.com\/consol.earth\/wp-content\/uploads\/2021\/09\/ryan-baker-2_Ip8Tfi8jM-unsplash.jpg?fit=768%2C512&amp;ssl=1\" width=\"768\" height=\"512\" srcset=\"https:\/\/i0.wp.com\/consol.earth\/wp-content\/uploads\/2021\/09\/ryan-baker-2_Ip8Tfi8jM-unsplash.jpg?w=1920&amp;ssl=1 1920w, https:\/\/i0.wp.com\/consol.earth\/wp-content\/uploads\/2021\/09\/ryan-baker-2_Ip8Tfi8jM-unsplash.jpg?resize=300%2C200&amp;ssl=1 300w, https:\/\/i0.wp.com\/consol.earth\/wp-content\/uploads\/2021\/09\/ryan-baker-2_Ip8Tfi8jM-unsplash.jpg?resize=1024%2C683&amp;ssl=1 1024w, https:\/\/i0.wp.com\/consol.earth\/wp-content\/uploads\/2021\/09\/ryan-baker-2_Ip8Tfi8jM-unsplash.jpg?resize=768%2C512&amp;ssl=1 768w, https:\/\/i0.wp.com\/consol.earth\/wp-content\/uploads\/2021\/09\/ryan-baker-2_Ip8Tfi8jM-unsplash.jpg?resize=1536%2C1024&amp;ssl=1 1536w, https:\/\/i0.wp.com\/consol.earth\/wp-content\/uploads\/2021\/09\/ryan-baker-2_Ip8Tfi8jM-unsplash.jpg?resize=272%2C182&amp;ssl=1 272w\" title=\"Lotus\" alt=\"\" loading=\"lazy\" \t\tclass=\"so-widget-image\"\/>\n\t<\/div>\n\n<\/div><\/div><div id=\"panel-4563-3-0-1\" class=\"so-panel widget widget_sow-editor panel-last-child\" data-index=\"4\" ><div class=\"panel-widget-style panel-widget-style-for-4563-3-0-1\" ><div\n\t\t\t\n\t\t\tclass=\"so-widget-sow-editor so-widget-sow-editor-base\"\n\t\t\t\n\t\t>\n<div class=\"siteorigin-widget-tinymce textwidget\">\n\t<h4><strong>Kurszeiten<\/strong><\/h4>\n<ul>\n<li>Montags: 9-10 Uhr<\/li>\n<li>Freitags: 20-21 Uhr<\/li>\n<\/ul>\n<h4>Teilnahme<\/h4>\n<ul>\n<li>mit vorheriger Anmeldung per <a href=\"https:\/\/consol.earth\/index.php\/kontakt\/\">Kontaktformular<\/a>, Mail: hello@consol.earth oder telefonisch: 076 229 89 50.<\/li>\n<li>Maximal 10 Teilnehmer pro Klasse<\/li>\n<li>Keine Vorkenntnisse notwendig, G\u00e4ste und Fragen aller Art sind immer herzlich willkommen<\/li>\n<\/ul>\n<h4>Kursgeb\u00fchr<\/h4>\n<ul>\n<li>betr\u00e4gt 70,- CHF pro Klasse (1h)<\/li>\n<\/ul>\n<\/div>\n<\/div><\/div><\/div><\/div><div id=\"pgc-4563-3-1\"  class=\"panel-grid-cell\" ><div id=\"panel-4563-3-1-0\" class=\"so-panel widget widget_sow-editor panel-first-child\" data-index=\"5\" ><div\n\t\t\t\n\t\t\tclass=\"so-widget-sow-editor so-widget-sow-editor-base\"\n\t\t\t\n\t\t>\n<div class=\"siteorigin-widget-tinymce textwidget\">\n\t<h3><span style=\"color: #000000;\">Ordentliche Meditation<\/span><\/h3>\n<p><span style=\"color: #000000;\">Meditation ist das simpelste Ph\u00e4nomen, das es gibt. Es ist aktives Nichts-Tun. Bewusst zu sein, ohne in sich etwas aufkommen zu lassen.<\/span><\/p>\n<p><span style=\"color: #000000;\">Wach-Sein ohne St\u00fctze, ohne Anhalt, ohne Grund ist das komplexeste Ziel \u2013 ist Erwacht-Sein.<\/span><\/p>\n<p><span style=\"color: #000000;\">Gelingt einem das Simple nicht, wie k\u00f6nnte das Komplexe gelingen.<\/span><\/p>\n<p><span style=\"color: #000000;\">Meditation ist die T\u00e4tigkeit, in welcher das Simpelste mit dem Komplexesten verbunden wird. Das Tiefe mit dem Hohen, das Einzelne mit dem All. Die Aktivit\u00e4t in der das Unbewusste vergeht und Bewusst wird. Sie ist eine reine Bewusstseinspraktik.<\/span><\/p>\n<p><span style=\"color: #000000;\">Meditation zu meistern l\u00e4sst alles gelingen. Denn man erlangt Klarheit, um mit den Schwingungen der Welt zu gehen, ohne sie zu beeinflussen. Jemand der meditieren kann, kann das Leben in und um sich ohne M\u00fche gestallten. Weiss Freiheit von Zustand im Inneren, sowie im \u00c4usseren. Ist in Freude und Liebe mit der Existenz.<\/span><\/p>\n<p><span style=\"color: #000000;\">Meditation ist ein direkter Weg zur Erf\u00fcllung. So ist es. Die simpelste Bewusstseinspraktik. Simples Bewusst-Sein birgt in sich den Weg zu endlosem Gl\u00fcck.<\/span><\/p>\n<p><span style=\"color: #000000;\">Lerne, ordentlich zu Meditieren.<\/span><\/p>\n<\/div>\n<\/div><\/div><div id=\"panel-4563-3-1-1\" class=\"so-panel widget widget_sow-button panel-last-child\" data-index=\"6\" ><div\n\t\t\t\n\t\t\tclass=\"so-widget-sow-button so-widget-sow-button-wire-642ac1098fa4-4563\"\n\t\t\t\n\t\t><div class=\"ow-button-base ow-button-align-left\">\n\t<a href=\"https:\/\/consol.earth\/index.php\/solutions\/kalendar\/\" class=\"ow-icon-placement-left ow-button-hover\" \t\t>\n\t\t<span>\n\t\t\t\n\t\t\tProgrammkalender &amp; Klassen\u00fcbersicht\t\t<\/span>\n\t<\/a>\n<\/div>\n<\/div><\/div><\/div><\/div><\/div><div id=\"pg-4563-4\"  class=\"panel-grid panel-has-style\" ><div class=\"panel-row-style panel-row-style-for-4563-4\" ><div id=\"pgc-4563-4-0\"  class=\"panel-grid-cell\" ><div id=\"panel-4563-4-0-0\" class=\"so-panel widget widget_sow-headline panel-first-child panel-last-child\" data-index=\"7\" ><div\n\t\t\t\n\t\t\tclass=\"so-widget-sow-headline so-widget-sow-headline-default-a586199ec0be-4563\"\n\t\t\t\n\t\t><div class=\"sow-headline-container \">\n\t<h1 class='sow-headline'>Con\u2219Sol Klasse - MEDITATIONSTRAINING<\/h1>\t\t\t\t\t<div class=\"decoration\">\n\t\t\t\t\t\t<div class=\"decoration-inside\"><\/div>\n\t\t\t\t\t<\/div>\n\t\t\t\t\t<\/div><\/div><\/div><\/div><\/div><\/div><div id=\"pg-4563-5\"  class=\"panel-grid panel-has-style\" ><div class=\"panel-row-style panel-row-style-for-4563-5\" ><div id=\"pgc-4563-5-0\"  class=\"panel-grid-cell\" ><div id=\"panel-4563-5-0-0\" class=\"so-panel widget widget_sow-editor panel-first-child panel-last-child\" data-index=\"8\" ><div\n\t\t\t\n\t\t\tclass=\"so-widget-sow-editor so-widget-sow-editor-base\"\n\t\t\t\n\t\t>\n<div class=\"siteorigin-widget-tinymce textwidget\">\n\t<h3><span style=\"color: #000000;\">Regelm\u00e4ssiges Meditationstraining<\/span><\/h3>\n<p>Meditation ist eine Methode f\u00fcr das Erreichen, Hervorbringen, Durchleuchten und Bewirken des Inneren. Gut einge\u00fcbt er\u00f6ffnet Meditation alle Wege zum Inneren und ist somit der Zugang zur ganzen inneren Welt. Wer zu meditieren weiss, lernt die F\u00fclle der inneren Sch\u00e4tze, Potentiale und Erkenntnisse zu bereisen und diese im Leben umzusetzen.<\/p>\n<p>Meditation f\u00fchrt jeden durch eine andere Reise, denn das Innere ist bei jedem anders aufgebaut. In Meditation lernt man, sich selbst klarer zu erkennen und tiefer zu verstehen. So ist jede Meditation auch eine Erweiterung von sich Selbst und eine eigene Lernerfahrung. Jedes Mal, wenn man etwas Neues verinnerlicht, ist die Meditation wieder erweitert und ein etwas anderer Weg tut sich auf. Mit dem eigenen Wachsen ver\u00e4ndert sich somit das Meditieren. Es erweitert sich mit einem und man erweitert sich mit dem Meditieren.<\/p>\n<p>Im Allgemeinen ist Meditation etwas Universelles, da ein jeder sich auf die gleiche Selbst-vertiefende Art und Weise Selbst erkennen kann. Ohne Widerstand zu leisten oder sich an Widerst\u00e4nden festzuhalten, l\u00e4sst man sich in das Bewusstsein hinein \u00absinken\u00bb. Ohne Erwartung, was man zu sehen bekommt, ohne den Blick auf etwas Bestimmtem zu halten, sieht man sich letztendlich ohne Vorhang.<\/p>\n<p>Baut man diese grunds\u00e4tzliche F\u00e4higkeit in sich auf, so kann man f\u00fcr sich sich Selbst ganz entdecken.<\/p>\n<p>Langfristig f\u00fchrt das Meditieren zu einem echten inneren Zustand der klaren, hellen, heiteren Bewusstheit. Das Leben kann damit zur Harmonie des Inneren mit dem \u00c4usseren gebracht werden.\u00a0Die Freude, die dies einem spendet, leitet direkt zum Erlebnis von Erf\u00fcllung.<\/p>\n<p>So ist Meditation nicht etwas, dass man mit Eint\u00f6nigkeit oder gar stoischer Sturheit praktizieren muss. Vielseitig wie das Leben ist, noch vielseitiger kann meditieren sein. Es gibt f\u00fcr jeden inneren Zustand, jedes Wissen und Erlebnis eine spezifische Meditation oder Technik. Alle Meditationstechniken und Anwendungen k\u00f6nnen dabei immer Neues, Spezifisches in einem hervor bringen und bewusst werden lassen.<\/p>\n<p>In einer guten Mischung aus universellem Meditieren und verschiedenen, ausgew\u00e4hlten Techniken ergibt sich eine nat\u00fcrliche, verst\u00e4rkte Erweiterung der Meditation. Man unternimmt quasi einzelne spezifische Ausfl\u00fcge in sich hinein. Dabei f\u00fchrt jede Reise durch andere Zug\u00e4nge und Erkenntniswege, sodass sich die Erkenntnisf\u00e4higkeit an sich erh\u00f6ht, was die empfundene Freiheit, Klarheit und Selbst-Bef\u00e4higung auch in der offenen Meditation verst\u00e4rkt.<\/p>\n<p>Die Meditationstechniken sind pr\u00e4zise, elegante und verst\u00e4ndliche Erkl\u00e4rungen zu spezifischen Meditationen. Sie werden aus grosser Meditationserfahrung gebaut und f\u00fcr neue Meditierende nutzbar gemacht.<\/p>\n<p>Somit f\u00fchrt die Verbindung aus offener Meditation mit spezifischen Meditationstechniken zu einem erweiterten Wissens- und Erfahrungsaufbau im Inneren und damit zum erweiternden Beleuchten des Inneren des Meditierenden.<\/p>\n<p>Jedes Mal, wenn man meditiert, sich regelm\u00e4ssig meditativ erweitert und neues Wissen verinnerlicht, wird die Meditation tiefer, friedlicher, freier, erf\u00fcllender, leichter und ein gr\u00f6sserer Schatz.<\/p>\n<p>Darum ist die Kombination aus selbst\u00e4ndiger, offener Meditation und Erlernen von Meditationstechniken zu einer regelm\u00e4ssigen Praktik besonders gut geeignet, um Meditation zur Frucht zu bringen.<\/p>\n<\/div>\n<\/div><\/div><\/div><div id=\"pgc-4563-5-1\"  class=\"panel-grid-cell\" ><div id=\"panel-4563-5-1-0\" class=\"so-panel widget widget_sow-image panel-first-child\" data-index=\"9\" ><div class=\"panel-widget-style panel-widget-style-for-4563-5-1-0\" ><div\n\t\t\t\n\t\t\tclass=\"so-widget-sow-image so-widget-sow-image-default-d6014b76747a-4563\"\n\t\t\t\n\t\t>\n\n<div class=\"sow-image-container\">\n\t\t<img src=\"https:\/\/i0.wp.com\/consol.earth\/wp-content\/uploads\/2021\/07\/benjamin-davies-JrZ1yE1PjQ0-unsplash-scaled.jpg?fit=768%2C512&amp;ssl=1\" width=\"768\" height=\"512\" srcset=\"https:\/\/i0.wp.com\/consol.earth\/wp-content\/uploads\/2021\/07\/benjamin-davies-JrZ1yE1PjQ0-unsplash-scaled.jpg?w=2560&amp;ssl=1 2560w, https:\/\/i0.wp.com\/consol.earth\/wp-content\/uploads\/2021\/07\/benjamin-davies-JrZ1yE1PjQ0-unsplash-scaled.jpg?resize=300%2C200&amp;ssl=1 300w, https:\/\/i0.wp.com\/consol.earth\/wp-content\/uploads\/2021\/07\/benjamin-davies-JrZ1yE1PjQ0-unsplash-scaled.jpg?resize=1024%2C683&amp;ssl=1 1024w, https:\/\/i0.wp.com\/consol.earth\/wp-content\/uploads\/2021\/07\/benjamin-davies-JrZ1yE1PjQ0-unsplash-scaled.jpg?resize=768%2C512&amp;ssl=1 768w, https:\/\/i0.wp.com\/consol.earth\/wp-content\/uploads\/2021\/07\/benjamin-davies-JrZ1yE1PjQ0-unsplash-scaled.jpg?resize=1536%2C1024&amp;ssl=1 1536w, https:\/\/i0.wp.com\/consol.earth\/wp-content\/uploads\/2021\/07\/benjamin-davies-JrZ1yE1PjQ0-unsplash-scaled.jpg?resize=2048%2C1365&amp;ssl=1 2048w, https:\/\/i0.wp.com\/consol.earth\/wp-content\/uploads\/2021\/07\/benjamin-davies-JrZ1yE1PjQ0-unsplash-scaled.jpg?resize=272%2C182&amp;ssl=1 272w, https:\/\/i0.wp.com\/consol.earth\/wp-content\/uploads\/2021\/07\/benjamin-davies-JrZ1yE1PjQ0-unsplash-scaled.jpg?w=2400&amp;ssl=1 2400w\" title=\"bewusstsein vergebung\" alt=\"\" loading=\"lazy\" \t\tclass=\"so-widget-image\"\/>\n\t<\/div>\n\n<\/div><\/div><\/div><div id=\"panel-4563-5-1-1\" class=\"so-panel widget widget_sow-editor\" data-index=\"10\" ><div class=\"panel-widget-style panel-widget-style-for-4563-5-1-1\" ><div\n\t\t\t\n\t\t\tclass=\"so-widget-sow-editor so-widget-sow-editor-base\"\n\t\t\t\n\t\t>\n<div class=\"siteorigin-widget-tinymce textwidget\">\n\t<h4>Teilnahme<\/h4>\n<ul>\n<li>Mit vorheriger Anmeldung per <a href=\"https:\/\/consol.earth\/index.php\/kontakt\/\">Kontaktformular<\/a>, Mail: hello@consol.earth oder telefonisch: 076 229 89 50.<\/li>\n<li>Maximal 10 Teilnehmer pro Klasse<\/li>\n<li>Keine Vorkenntnisse notwendig, G\u00e4ste und Fragen aller Art sind immer herzlich willkommen<\/li>\n<\/ul>\n<h4><\/h4>\n<h4>Kursgeb\u00fchr<\/h4>\n<ul>\n<li>70,- CHF pro Klasse (90 Minuten)<\/li>\n<\/ul>\n<h4><\/h4>\n<h4>Kurszeiten<\/h4>\n<ul>\n<li>Dienstags: 9-10.30 Uhr<\/li>\n<li>Donnerstags: 9-10.30 Uhr<\/li>\n<li><em>Individuelle Anfragen jederzeit m\u00f6glich.<\/em><\/li>\n<\/ul>\n<\/div>\n<\/div><\/div><\/div><div id=\"panel-4563-5-1-2\" class=\"so-panel widget widget_sow-button panel-last-child\" data-index=\"11\" ><div class=\"panel-widget-style panel-widget-style-for-4563-5-1-2\" ><div\n\t\t\t\n\t\t\tclass=\"so-widget-sow-button so-widget-sow-button-wire-cd0ad98cc1e2-4563\"\n\t\t\t\n\t\t><div class=\"ow-button-base ow-button-align-left\">\n\t<a href=\"https:\/\/consol.earth\/index.php\/solutions\/kalendar\/\" class=\"ow-icon-placement-left ow-button-hover\" target=\"_blank\" rel=\"noopener noreferrer\" \t\t>\n\t\t<span>\n\t\t\t\n\t\t\tProgrammkalender &amp; Klassen\u00fcbersicht\t\t<\/span>\n\t<\/a>\n<\/div>\n<\/div><\/div><\/div><\/div><\/div><\/div><\/div>","protected":false},"excerpt":{"rendered":"<p>Con\u2219Sol Technologie &amp; Methodik &#8222;ORDENTLICHE MEDITATION&#8220; Kurszeiten Montags: 9-10 Uhr Freitags: 20-21 Uhr Teilnahme mit vorheriger Anmeldung per Kontaktformular, Mail: hello@consol.earth oder telefonisch: 076 229 89 50. Maximal 10 Teilnehmer pro Klasse Keine Vorkenntnisse notwendig, G\u00e4ste und Fragen aller Art sind immer herzlich willkommen Kursgeb\u00fchr betr\u00e4gt 70,- CHF pro Klasse (1h) Ordentliche Meditation Meditation ist [&hellip;]<\/p>\n","protected":false},"author":2,"featured_media":0,"parent":0,"menu_order":0,"comment_status":"closed","ping_status":"closed","template":"","meta":{"_monsterinsights_skip_tracking":false,"_monsterinsights_sitenote_active":false,"_monsterinsights_sitenote_note":"","_monsterinsights_sitenote_category":0,"jetpack_post_was_ever_published":false},"yoast_head":"<!-- This site is optimized with the Yoast SEO plugin v20.3 - https:\/\/yoast.com\/wordpress\/plugins\/seo\/ -->\n<title>Meditationstraining - Consciousness Solutions<\/title>\n<meta name=\"robots\" content=\"index, follow, max-snippet:-1, max-image-preview:large, max-video-preview:-1\" \/>\n<link rel=\"canonical\" href=\"https:\/\/consol.earth\/index.php\/meditationstraining\/\" \/>\n<meta property=\"og:locale\" content=\"de_DE\" \/>\n<meta property=\"og:type\" content=\"article\" \/>\n<meta property=\"og:title\" content=\"Meditationstraining - Consciousness Solutions\" \/>\n<meta property=\"og:description\" content=\"Con\u2219Sol Technologie &amp; Methodik &quot;ORDENTLICHE MEDITATION&quot; Kurszeiten Montags: 9-10 Uhr Freitags: 20-21 Uhr Teilnahme mit vorheriger Anmeldung per Kontaktformular, Mail: hello@consol.earth oder telefonisch: 076 229 89 50. Maximal 10 Teilnehmer pro Klasse Keine Vorkenntnisse notwendig, G\u00e4ste und Fragen aller Art sind immer herzlich willkommen Kursgeb\u00fchr betr\u00e4gt 70,- CHF pro Klasse (1h) Ordentliche Meditation Meditation ist [&hellip;]\" \/>\n<meta property=\"og:url\" content=\"https:\/\/consol.earth\/index.php\/meditationstraining\/\" \/>\n<meta property=\"og:site_name\" content=\"Consciousness Solutions\" \/>\n<meta property=\"article:modified_time\" content=\"2022-07-20T15:03:58+00:00\" \/>\n<meta name=\"twitter:card\" content=\"summary_large_image\" \/>\n<meta name=\"twitter:label1\" content=\"Gesch\u00e4tzte Lesezeit\" \/>\n\t<meta name=\"twitter:data1\" content=\"5\u00a0Minuten\" \/>\n<script type=\"application\/ld+json\" class=\"yoast-schema-graph\">{\"@context\":\"https:\/\/schema.org\",\"@graph\":[{\"@type\":\"WebPage\",\"@id\":\"https:\/\/consol.earth\/index.php\/meditationstraining\/\",\"url\":\"https:\/\/consol.earth\/index.php\/meditationstraining\/\",\"name\":\"Meditationstraining - Consciousness Solutions\",\"isPartOf\":{\"@id\":\"https:\/\/consol.earth\/#website\"},\"datePublished\":\"2021-10-19T11:28:55+00:00\",\"dateModified\":\"2022-07-20T15:03:58+00:00\",\"breadcrumb\":{\"@id\":\"https:\/\/consol.earth\/index.php\/meditationstraining\/#breadcrumb\"},\"inLanguage\":\"de\",\"potentialAction\":[{\"@type\":\"ReadAction\",\"target\":[\"https:\/\/consol.earth\/index.php\/meditationstraining\/\"]}]},{\"@type\":\"BreadcrumbList\",\"@id\":\"https:\/\/consol.earth\/index.php\/meditationstraining\/#breadcrumb\",\"itemListElement\":[{\"@type\":\"ListItem\",\"position\":1,\"name\":\"Startseite\",\"item\":\"https:\/\/consol.earth\/\"},{\"@type\":\"ListItem\",\"position\":2,\"name\":\"Meditationstraining\"}]},{\"@type\":\"WebSite\",\"@id\":\"https:\/\/consol.earth\/#website\",\"url\":\"https:\/\/consol.earth\/\",\"name\":\"Consciousness Solutions\",\"description\":\"Bewusstsein ist die Wachheit, die das Licht ist, die das Innere beleuchtet.\",\"publisher\":{\"@id\":\"https:\/\/consol.earth\/#organization\"},\"potentialAction\":[{\"@type\":\"SearchAction\",\"target\":{\"@type\":\"EntryPoint\",\"urlTemplate\":\"https:\/\/consol.earth\/?s={search_term_string}\"},\"query-input\":\"required name=search_term_string\"}],\"inLanguage\":\"de\"},{\"@type\":\"Organization\",\"@id\":\"https:\/\/consol.earth\/#organization\",\"name\":\"Consciousness Solutions\",\"url\":\"https:\/\/consol.earth\/\",\"logo\":{\"@type\":\"ImageObject\",\"inLanguage\":\"de\",\"@id\":\"https:\/\/consol.earth\/#\/schema\/logo\/image\/\",\"url\":\"https:\/\/i0.wp.com\/consol.earth\/wp-content\/uploads\/2021\/10\/ConSol_Logo_Rings_No_Black_Lines.png?fit=801%2C368&ssl=1\",\"contentUrl\":\"https:\/\/i0.wp.com\/consol.earth\/wp-content\/uploads\/2021\/10\/ConSol_Logo_Rings_No_Black_Lines.png?fit=801%2C368&ssl=1\",\"width\":801,\"height\":368,\"caption\":\"Consciousness Solutions\"},\"image\":{\"@id\":\"https:\/\/consol.earth\/#\/schema\/logo\/image\/\"}}]}<\/script>\n<!-- \/ Yoast SEO plugin. -->","yoast_head_json":{"title":"Meditationstraining - Consciousness Solutions","robots":{"index":"index","follow":"follow","max-snippet":"max-snippet:-1","max-image-preview":"max-image-preview:large","max-video-preview":"max-video-preview:-1"},"canonical":"https:\/\/consol.earth\/index.php\/meditationstraining\/","og_locale":"de_DE","og_type":"article","og_title":"Meditationstraining - Consciousness Solutions","og_description":"Con\u2219Sol Technologie &amp; Methodik \"ORDENTLICHE MEDITATION\" Kurszeiten Montags: 9-10 Uhr Freitags: 20-21 Uhr Teilnahme mit vorheriger Anmeldung per Kontaktformular, Mail: hello@consol.earth oder telefonisch: 076 229 89 50. Maximal 10 Teilnehmer pro Klasse Keine Vorkenntnisse notwendig, G\u00e4ste und Fragen aller Art sind immer herzlich willkommen Kursgeb\u00fchr betr\u00e4gt 70,- CHF pro Klasse (1h) Ordentliche Meditation Meditation ist [&hellip;]","og_url":"https:\/\/consol.earth\/index.php\/meditationstraining\/","og_site_name":"Consciousness Solutions","article_modified_time":"2022-07-20T15:03:58+00:00","twitter_card":"summary_large_image","twitter_misc":{"Gesch\u00e4tzte Lesezeit":"5\u00a0Minuten"},"schema":{"@context":"https:\/\/schema.org","@graph":[{"@type":"WebPage","@id":"https:\/\/consol.earth\/index.php\/meditationstraining\/","url":"https:\/\/consol.earth\/index.php\/meditationstraining\/","name":"Meditationstraining - Consciousness Solutions","isPartOf":{"@id":"https:\/\/consol.earth\/#website"},"datePublished":"2021-10-19T11:28:55+00:00","dateModified":"2022-07-20T15:03:58+00:00","breadcrumb":{"@id":"https:\/\/consol.earth\/index.php\/meditationstraining\/#breadcrumb"},"inLanguage":"de","potentialAction":[{"@type":"ReadAction","target":["https:\/\/consol.earth\/index.php\/meditationstraining\/"]}]},{"@type":"BreadcrumbList","@id":"https:\/\/consol.earth\/index.php\/meditationstraining\/#breadcrumb","itemListElement":[{"@type":"ListItem","position":1,"name":"Startseite","item":"https:\/\/consol.earth\/"},{"@type":"ListItem","position":2,"name":"Meditationstraining"}]},{"@type":"WebSite","@id":"https:\/\/consol.earth\/#website","url":"https:\/\/consol.earth\/","name":"Consciousness Solutions","description":"Bewusstsein ist die Wachheit, die das Licht ist, die das Innere beleuchtet.","publisher":{"@id":"https:\/\/consol.earth\/#organization"},"potentialAction":[{"@type":"SearchAction","target":{"@type":"EntryPoint","urlTemplate":"https:\/\/consol.earth\/?s={search_term_string}"},"query-input":"required name=search_term_string"}],"inLanguage":"de"},{"@type":"Organization","@id":"https:\/\/consol.earth\/#organization","name":"Consciousness Solutions","url":"https:\/\/consol.earth\/","logo":{"@type":"ImageObject","inLanguage":"de","@id":"https:\/\/consol.earth\/#\/schema\/logo\/image\/","url":"https:\/\/i0.wp.com\/consol.earth\/wp-content\/uploads\/2021\/10\/ConSol_Logo_Rings_No_Black_Lines.png?fit=801%2C368&ssl=1","contentUrl":"https:\/\/i0.wp.com\/consol.earth\/wp-content\/uploads\/2021\/10\/ConSol_Logo_Rings_No_Black_Lines.png?fit=801%2C368&ssl=1","width":801,"height":368,"caption":"Consciousness Solutions"},"image":{"@id":"https:\/\/consol.earth\/#\/schema\/logo\/image\/"}}]}},"jetpack_sharing_enabled":false,"jetpack_likes_enabled":false,"_links":{"self":[{"href":"https:\/\/consol.earth\/index.php\/wp-json\/wp\/v2\/pages\/4563"}],"collection":[{"href":"https:\/\/consol.earth\/index.php\/wp-json\/wp\/v2\/pages"}],"about":[{"href":"https:\/\/consol.earth\/index.php\/wp-json\/wp\/v2\/types\/page"}],"author":[{"embeddable":true,"href":"https:\/\/consol.earth\/index.php\/wp-json\/wp\/v2\/users\/2"}],"replies":[{"embeddable":true,"href":"https:\/\/consol.earth\/index.php\/wp-json\/wp\/v2\/comments?post=4563"}],"version-history":[{"count":55,"href":"https:\/\/consol.earth\/index.php\/wp-json\/wp\/v2\/pages\/4563\/revisions"}],"predecessor-version":[{"id":7163,"href":"https:\/\/consol.earth\/index.php\/wp-json\/wp\/v2\/pages\/4563\/revisions\/7163"}],"wp:attachment":[{"href":"https:\/\/consol.earth\/index.php\/wp-json\/wp\/v2\/media?parent=4563"}],"curies":[{"name":"wp","href":"https:\/\/api.w.org\/{rel}","templated":true}]}}