{"id":6565,"date":"2022-01-06T16:18:46","date_gmt":"2022-01-06T16:18:46","guid":{"rendered":"https:\/\/consol.earth\/?page_id=6565"},"modified":"2022-01-06T16:18:46","modified_gmt":"2022-01-06T16:18:46","slug":"innere-ruhe","status":"publish","type":"page","link":"https:\/\/consol.earth\/index.php\/innere-ruhe\/","title":{"rendered":"Innere Ruhe"},"content":{"rendered":"<div id=\"pl-6565\"  class=\"panel-layout\" ><div id=\"pg-6565-0\"  class=\"panel-grid panel-no-style\" ><div id=\"pgc-6565-0-0\"  class=\"panel-grid-cell\" ><div id=\"panel-6565-0-0-0\" class=\"so-panel widget widget_spacer panel-first-child panel-last-child\" data-index=\"0\" ><div\n\t\t\t\n\t\t\tclass=\"so-widget-spacer so-widget-spacer-spacer-style-d75171398898-6565\"\n\t\t\t\n\t\t>\r\n\r\n\r\n\r\n\r\n<div class=\"spacer\" style=\"height: 80px\">\r\n<\/div><\/div><\/div><\/div><\/div><div id=\"pg-6565-1\"  class=\"panel-grid panel-no-style\" ><div id=\"pgc-6565-1-0\"  class=\"panel-grid-cell\" ><div id=\"panel-6565-1-0-0\" class=\"so-panel widget widget_sow-icon panel-first-child\" data-index=\"1\" ><div class=\"panel-widget-style panel-widget-style-for-6565-1-0-0\" ><div\n\t\t\t\n\t\t\tclass=\"so-widget-sow-icon so-widget-sow-icon-default-8460aa7b2093-6565\"\n\t\t\t\n\t\t>\n<div class=\"sow-icon-container sow-icon\">\n\t\t\t<span class=\"sow-icon-fontawesome sow-fas\" data-sow-icon=\"&#xf06c;\"\n\t\t \n\t\taria-hidden=\"true\"><\/span>\t<\/div>\n<\/div><\/div><\/div><div id=\"panel-6565-1-0-1\" class=\"so-panel widget widget_sow-headline panel-last-child\" data-index=\"2\" ><div class=\"panel-widget-style panel-widget-style-for-6565-1-0-1\" ><div\n\t\t\t\n\t\t\tclass=\"so-widget-sow-headline so-widget-sow-headline-default-a586199ec0be-6565\"\n\t\t\t\n\t\t><div class=\"sow-headline-container \">\n\t<h1 class='sow-headline'>Con\u2219Sol Technologie &amp; Methodik \"Innere Ruhe und der Weg zum Frieden\"<\/h1>\t\t\t\t\t<div class=\"decoration\">\n\t\t\t\t\t\t<div class=\"decoration-inside\"><\/div>\n\t\t\t\t\t<\/div>\n\t\t\t\t\t<\/div><\/div><\/div><\/div><\/div><\/div><div id=\"pg-6565-2\"  class=\"panel-grid panel-has-style\" ><div class=\"panel-row-style panel-row-style-for-6565-2\" ><div id=\"pgc-6565-2-0\"  class=\"panel-grid-cell\" ><div id=\"panel-6565-2-0-0\" class=\"so-panel widget widget_sow-editor panel-first-child panel-last-child\" data-index=\"3\" ><div class=\"panel-widget-style panel-widget-style-for-6565-2-0-0\" ><div\n\t\t\t\n\t\t\tclass=\"so-widget-sow-editor so-widget-sow-editor-base\"\n\t\t\t\n\t\t>\n<div class=\"siteorigin-widget-tinymce textwidget\">\n\t<h2 style=\"text-align: left;\">Meditation und Technik zur direkten Erkenntnis und Vertiefung von innerer Ruhe und dem Weg zum Frieden<\/h2>\n<p>Das Gef\u00fchl, st\u00e4ndig irgendwo hin zu m\u00fcssen, morgens aufzuwachen, erschlagen vom Druck der bevorstehenden Aufgaben, hektisch den Kopf nach Dringlichkeiten durchsuchen, an einem Ort ankommen und schon die n\u00e4chsten Pflichten vor Augen haben: Unruhe pr\u00e4gt das Lebensgef\u00fchl vieler Menschen. Zerstreut erlebt man sich nur noch als Beifahrer des eigenen Lebens, bem\u00fcht, die Kontrolle irgendwie zu bewahren. Anhaltende, ununterbrochene Unruhe wird dabei bald zu Rastlosigkeit, zerm\u00fcrbender Anspannung und \u00dcberforderung. Tiefgehende Entspannung und echte Ruhe erleben viele nur noch wenige Male im Jahr, zur Urlaubszeit \u2013 an einem Ort, weit weg vom eigenen Leben.<\/p>\n<p>Durch das st\u00e4ndige Identifizieren mit bewertenden Vergleichen, Gegen\u00fcberstellungen, Urteilen oder Bedingungen sind wir es gewohnt, im Spannungsfeld der kommentierenden Gedanken zu existieren. \u00dcberzeugt von der Wichtigkeit unserer Erlebnisse, Erkenntnisse und Bed\u00fcrfnisse, eifern wir Tag f\u00fcr Tag den Ideen unserer eigenen Vorstellung von gut und schlecht nach.<br \/>\nDabei kommt uns nicht in den Sinn, dass die innere wohlige Gleichm\u00fctigkeit, nach der wir uns sehnen, nicht durch die Erf\u00fcllung bestimmter Bedingungen erreicht werden kann. Auch nach langen Jahren des Suchens und grosser Bem\u00fchungen finden wir nichts, was bleibt. Und doch bleiben wir beim selben Vorgehen und sind weiterhin \u00fcberzeugt, uns einfach nur noch mehr Anstrengen oder besser anstellen zu m\u00fcssen.<\/p>\n<\/div>\n<\/div><\/div><\/div><\/div><\/div><\/div><div id=\"pg-6565-3\"  class=\"panel-grid panel-has-style\" ><div class=\"panel-row-style panel-row-style-for-6565-3\" ><div id=\"pgc-6565-3-0\"  class=\"panel-grid-cell\" ><div id=\"panel-6565-3-0-0\" class=\"so-panel widget widget_spacer panel-first-child panel-last-child\" data-index=\"4\" ><div\n\t\t\t\n\t\t\tclass=\"so-widget-spacer so-widget-spacer-spacer-style-d75171398898-6565\"\n\t\t\t\n\t\t>\r\n\r\n\r\n\r\n\r\n<div class=\"spacer\" style=\"height: 264px\">\r\n<\/div><\/div><\/div><\/div><\/div><\/div><div id=\"pg-6565-4\"  class=\"panel-grid panel-has-style\" ><div class=\"panel-row-style panel-row-style-for-6565-4\" ><div id=\"pgc-6565-4-0\"  class=\"panel-grid-cell\" ><div id=\"panel-6565-4-0-0\" class=\"so-panel widget widget_sow-editor panel-first-child panel-last-child\" data-index=\"5\" ><div class=\"panel-widget-style panel-widget-style-for-6565-4-0-0\" ><div\n\t\t\t\n\t\t\tclass=\"so-widget-sow-editor so-widget-sow-editor-base\"\n\t\t\t\n\t\t>\n<div class=\"siteorigin-widget-tinymce textwidget\">\n\t<p>Dass innere Ruhe genau ohne Ver\u00e4nderung der \u00e4usseren Umst\u00e4nde erreicht werden kann, ist jedoch kein Mythos, sondern eine essentielle F\u00e4higkeit des bewussten Menschen. Man kann wahrlich in sich ruhen. In der Erkenntnis ganzer Klarheit zu sich selbst liegt das Geheimnis.<\/p>\n<p>&nbsp;<\/p>\n<p>Das, wonach man sucht, findet man nicht durch Ver\u00e4nderung von sich selbst, sondern durch Eintritt in die eigene Unbetroffenheit. Es ist vielmehr die F\u00e4higkeit des Ablassens und des Loslassens, als die des Festhaltens oder der Formung. \u00d6ffnet man das Bewusstsein sich selbst gegen\u00fcber ganz, so er\u00f6ffnet sich einem ein Ort, der frei ist, von Spannungen. Es stellt sich ein besonnener Gleichmut ein, begleitend von umfassender, unersch\u00fctterlicher Annahmef\u00e4higkeit. So erlebt, man das eigene Sein als komplett, sich selbst als ganz. Nichts muss hinzugef\u00fcgt, nichts entfernt werden. Es kann gut sein, so wie es ist.<\/p>\n<p>Hat das Suchen ein Ende, hat man einen der tiefen Sch\u00e4tze des Lebens entdeckt. Fortan, wird man sanften, zusprechenden Gleichmut bei sich wissen und sich ungezwungen von Gedanken oder Gef\u00fchlen erleben. Denn man kennt nun den Ort in sich, der tiefer liegt, als die gewohnten Wahrnehmungen und Erscheinungen an der Oberfl\u00e4che.<\/p>\n<p>\u00dcbt man sich darin, die innere Ruhe weiter auszubauen, so wird man seine bekannten Spannungen und Dr\u00fccke bald von ihrer Widerstandskraft befreien k\u00f6nnen. Die Haltung innerer Friedlichkeit ergibt sich aus dem Wissen, dass es nichts mehr im Inneren gibt, dass nicht sein darf; nichts mehr gibt, dass besser anders w\u00e4re. So ist innere Ruhe.<\/p>\n<p>Wer sich in innerer Ruhe weiss, trifft Entscheidungen, die freier von egoistischen Tendenzen sind, beginnt, moralisches Feingef\u00fchl grossr\u00e4umig aufzubauen und schliesslich seine Handlungen immer mehr von echtem Mitgef\u00fchl leiten zu lassen, bishin zur Entwicklung g\u00fctiger Edelm\u00fctigkeit.<\/p>\n<h3><u>Seminare zu innerer Ruhe bestehen aus folgenden Inhalten:<\/u><\/h3>\n<ul>\n<li>Zusammenh\u00e4nge von Zwang, Widerstand, Druck, Spannungen, Stress und Unruhe\n<ul>\n<li>Attachment (zwanghaftes Nicht-loslassen k\u00f6nnen), Streben und Unruhe<\/li>\n<li>Bewertung, Urteil, Konditionen und Unfrieden<\/li>\n<li>Die Wahrheit zu Werten und Erf\u00fcllung in Wertlosigkeit<\/li>\n<\/ul>\n<\/li>\n<li>Eintritt in waches Bewusstsein und Ankommen in sich selbst\n<ul>\n<li>Einkehr in wohlige Gleichm\u00fctigkeit<\/li>\n<li>Konfliktlosigkeit mit inneren Wahrnehmungen<\/li>\n<li>Unemotionalit\u00e4t durch annehmende Gleichm\u00fctigkeit<\/li>\n<li>Zugang zu G\u00fcte und Besonnenheit<\/li>\n<li>Wache Klarheit durch Unabgelenktheit<\/li>\n<\/ul>\n<\/li>\n<li>Wege in den Frieden mit sich und der Welt\n<ul>\n<li>Erlebnis von Komplettheit in Wertfreiheit<\/li>\n<li>Widerstandslosigkeit und Hingabe<\/li>\n<li>Vollst\u00e4ndige Annahmef\u00e4higkeit<\/li>\n<\/ul>\n<\/li>\n<li>Der Weg zu einem noblen, nachhaltigen Ziel und Selbstumgang<\/li>\n<\/ul>\n<\/div>\n<\/div><\/div><\/div><\/div><\/div><\/div><div id=\"pg-6565-5\"  class=\"panel-grid panel-has-style\" ><div class=\"panel-row-style panel-row-style-for-6565-5\" ><div id=\"pgc-6565-5-0\"  class=\"panel-grid-cell\" ><div id=\"panel-6565-5-0-0\" class=\"so-panel widget widget_sow-button panel-first-child\" data-index=\"6\" ><div class=\"panel-widget-style panel-widget-style-for-6565-5-0-0\" ><div\n\t\t\t\n\t\t\tclass=\"so-widget-sow-button so-widget-sow-button-wire-1025c479d47f-6565\"\n\t\t\t\n\t\t><div class=\"ow-button-base ow-button-align-center\">\n\t<a href=\"https:\/\/consol.earth\/index.php\/solutions\/kalendar\/\" class=\"ow-icon-placement-left ow-button-hover\" target=\"_blank\" rel=\"noopener noreferrer\" \t\t>\n\t\t<span>\n\t\t\t\n\t\t\tKalender\t\t<\/span>\n\t<\/a>\n<\/div>\n<\/div><\/div><\/div><div id=\"panel-6565-5-0-1\" class=\"so-panel widget widget_sow-button panel-last-child\" data-index=\"7\" ><div class=\"panel-widget-style panel-widget-style-for-6565-5-0-1\" ><div\n\t\t\t\n\t\t\tclass=\"so-widget-sow-button so-widget-sow-button-wire-1025c479d47f-6565\"\n\t\t\t\n\t\t><div class=\"ow-button-base ow-button-align-center\">\n\t<a href=\"https:\/\/consol.earth\/index.php\/kontakt\/\" class=\"ow-icon-placement-left ow-button-hover\" target=\"_blank\" rel=\"noopener noreferrer\" \t\t>\n\t\t<span>\n\t\t\t\n\t\t\tKursanfrage\t\t<\/span>\n\t<\/a>\n<\/div>\n<\/div><\/div><\/div><\/div><div id=\"pgc-6565-5-1\"  class=\"panel-grid-cell\" ><div id=\"panel-6565-5-1-0\" class=\"so-panel widget widget_sow-editor panel-first-child panel-last-child\" data-index=\"8\" ><div\n\t\t\t\n\t\t\tclass=\"so-widget-sow-editor so-widget-sow-editor-base\"\n\t\t\t\n\t\t>\n<div class=\"siteorigin-widget-tinymce textwidget\">\n\t<p><strong>Teilnahme Intensiv-Seminar:<\/strong><\/p>\n<ul>\n<li>2,5 h, maximal 10 Teilnehmer<\/li>\n<li>120.- Fr pro Gruppenkursteilnehmer<\/li>\n<li><em>Die n\u00e4chsten freien Seminarpl\u00e4tze findest Du im Kalender.<\/em><\/li>\n<li><em> M\u00f6chtest Du benachrichtigt werden, sobald es Neues zum Thema Energiearbeit gibt, schreibe uns gerne kurz eine <a href=\"hello@consol.earth\">Mail<\/a> oder nutze das <a href=\"https:\/\/consol.earth\/index.php\/kontakt\/\">Kontaktformular<\/a>.<\/em><\/li>\n<\/ul>\n<p><strong>Individuelles Coaching<\/strong><\/p>\n<ul>\n<li>95,- Fr im Einzelcoaching pro Stunde<\/li>\n<li>individuelle Kurszeiten und Pakettarife f\u00fcr Einzel- oder Gruppencoachings auf Anfrage<\/li>\n<\/ul>\n<\/div>\n<\/div><\/div><\/div><\/div><\/div><\/div>","protected":false},"excerpt":{"rendered":"<p>Con\u2219Sol Technologie &amp; Methodik &#8222;Innere Ruhe und der Weg zum Frieden&#8220; Meditation und Technik zur direkten Erkenntnis und Vertiefung von innerer Ruhe und dem Weg zum Frieden Das Gef\u00fchl, st\u00e4ndig irgendwo hin zu m\u00fcssen, morgens aufzuwachen, erschlagen vom Druck der bevorstehenden Aufgaben, hektisch den Kopf nach Dringlichkeiten durchsuchen, an einem Ort ankommen und schon die [&hellip;]<\/p>\n","protected":false},"author":2,"featured_media":0,"parent":0,"menu_order":0,"comment_status":"closed","ping_status":"closed","template":"","meta":{"_monsterinsights_skip_tracking":false,"_monsterinsights_sitenote_active":false,"_monsterinsights_sitenote_note":"","_monsterinsights_sitenote_category":0,"jetpack_post_was_ever_published":false},"yoast_head":"<!-- This site is optimized with the Yoast SEO plugin v20.3 - https:\/\/yoast.com\/wordpress\/plugins\/seo\/ -->\n<title>Innere Ruhe - Consciousness Solutions<\/title>\n<meta name=\"robots\" content=\"index, follow, max-snippet:-1, max-image-preview:large, max-video-preview:-1\" \/>\n<link rel=\"canonical\" href=\"https:\/\/consol.earth\/index.php\/innere-ruhe\/\" \/>\n<meta property=\"og:locale\" content=\"de_DE\" \/>\n<meta property=\"og:type\" content=\"article\" \/>\n<meta property=\"og:title\" content=\"Innere Ruhe - Consciousness Solutions\" \/>\n<meta property=\"og:description\" content=\"Con\u2219Sol Technologie &amp; Methodik &quot;Innere Ruhe und der Weg zum Frieden&quot; Meditation und Technik zur direkten Erkenntnis und Vertiefung von innerer Ruhe und dem Weg zum Frieden Das Gef\u00fchl, st\u00e4ndig irgendwo hin zu m\u00fcssen, morgens aufzuwachen, erschlagen vom Druck der bevorstehenden Aufgaben, hektisch den Kopf nach Dringlichkeiten durchsuchen, an einem Ort ankommen und schon die [&hellip;]\" \/>\n<meta property=\"og:url\" content=\"https:\/\/consol.earth\/index.php\/innere-ruhe\/\" \/>\n<meta property=\"og:site_name\" content=\"Consciousness Solutions\" \/>\n<meta name=\"twitter:card\" content=\"summary_large_image\" \/>\n<meta name=\"twitter:label1\" content=\"Gesch\u00e4tzte Lesezeit\" \/>\n\t<meta name=\"twitter:data1\" content=\"4\u00a0Minuten\" \/>\n<script type=\"application\/ld+json\" class=\"yoast-schema-graph\">{\"@context\":\"https:\/\/schema.org\",\"@graph\":[{\"@type\":\"WebPage\",\"@id\":\"https:\/\/consol.earth\/index.php\/innere-ruhe\/\",\"url\":\"https:\/\/consol.earth\/index.php\/innere-ruhe\/\",\"name\":\"Innere Ruhe - Consciousness Solutions\",\"isPartOf\":{\"@id\":\"https:\/\/consol.earth\/#website\"},\"datePublished\":\"2022-01-06T16:18:46+00:00\",\"dateModified\":\"2022-01-06T16:18:46+00:00\",\"breadcrumb\":{\"@id\":\"https:\/\/consol.earth\/index.php\/innere-ruhe\/#breadcrumb\"},\"inLanguage\":\"de\",\"potentialAction\":[{\"@type\":\"ReadAction\",\"target\":[\"https:\/\/consol.earth\/index.php\/innere-ruhe\/\"]}]},{\"@type\":\"BreadcrumbList\",\"@id\":\"https:\/\/consol.earth\/index.php\/innere-ruhe\/#breadcrumb\",\"itemListElement\":[{\"@type\":\"ListItem\",\"position\":1,\"name\":\"Startseite\",\"item\":\"https:\/\/consol.earth\/\"},{\"@type\":\"ListItem\",\"position\":2,\"name\":\"Innere Ruhe\"}]},{\"@type\":\"WebSite\",\"@id\":\"https:\/\/consol.earth\/#website\",\"url\":\"https:\/\/consol.earth\/\",\"name\":\"Consciousness Solutions\",\"description\":\"Bewusstsein ist die Wachheit, die das Licht ist, die das Innere beleuchtet.\",\"publisher\":{\"@id\":\"https:\/\/consol.earth\/#organization\"},\"potentialAction\":[{\"@type\":\"SearchAction\",\"target\":{\"@type\":\"EntryPoint\",\"urlTemplate\":\"https:\/\/consol.earth\/?s={search_term_string}\"},\"query-input\":\"required name=search_term_string\"}],\"inLanguage\":\"de\"},{\"@type\":\"Organization\",\"@id\":\"https:\/\/consol.earth\/#organization\",\"name\":\"Consciousness Solutions\",\"url\":\"https:\/\/consol.earth\/\",\"logo\":{\"@type\":\"ImageObject\",\"inLanguage\":\"de\",\"@id\":\"https:\/\/consol.earth\/#\/schema\/logo\/image\/\",\"url\":\"https:\/\/i0.wp.com\/consol.earth\/wp-content\/uploads\/2021\/10\/ConSol_Logo_Rings_No_Black_Lines.png?fit=801%2C368&ssl=1\",\"contentUrl\":\"https:\/\/i0.wp.com\/consol.earth\/wp-content\/uploads\/2021\/10\/ConSol_Logo_Rings_No_Black_Lines.png?fit=801%2C368&ssl=1\",\"width\":801,\"height\":368,\"caption\":\"Consciousness Solutions\"},\"image\":{\"@id\":\"https:\/\/consol.earth\/#\/schema\/logo\/image\/\"}}]}<\/script>\n<!-- \/ Yoast SEO plugin. -->","yoast_head_json":{"title":"Innere Ruhe - Consciousness Solutions","robots":{"index":"index","follow":"follow","max-snippet":"max-snippet:-1","max-image-preview":"max-image-preview:large","max-video-preview":"max-video-preview:-1"},"canonical":"https:\/\/consol.earth\/index.php\/innere-ruhe\/","og_locale":"de_DE","og_type":"article","og_title":"Innere Ruhe - Consciousness Solutions","og_description":"Con\u2219Sol Technologie &amp; Methodik \"Innere Ruhe und der Weg zum Frieden\" Meditation und Technik zur direkten Erkenntnis und Vertiefung von innerer Ruhe und dem Weg zum Frieden Das Gef\u00fchl, st\u00e4ndig irgendwo hin zu m\u00fcssen, morgens aufzuwachen, erschlagen vom Druck der bevorstehenden Aufgaben, hektisch den Kopf nach Dringlichkeiten durchsuchen, an einem Ort ankommen und schon die [&hellip;]","og_url":"https:\/\/consol.earth\/index.php\/innere-ruhe\/","og_site_name":"Consciousness Solutions","twitter_card":"summary_large_image","twitter_misc":{"Gesch\u00e4tzte Lesezeit":"4\u00a0Minuten"},"schema":{"@context":"https:\/\/schema.org","@graph":[{"@type":"WebPage","@id":"https:\/\/consol.earth\/index.php\/innere-ruhe\/","url":"https:\/\/consol.earth\/index.php\/innere-ruhe\/","name":"Innere Ruhe - Consciousness Solutions","isPartOf":{"@id":"https:\/\/consol.earth\/#website"},"datePublished":"2022-01-06T16:18:46+00:00","dateModified":"2022-01-06T16:18:46+00:00","breadcrumb":{"@id":"https:\/\/consol.earth\/index.php\/innere-ruhe\/#breadcrumb"},"inLanguage":"de","potentialAction":[{"@type":"ReadAction","target":["https:\/\/consol.earth\/index.php\/innere-ruhe\/"]}]},{"@type":"BreadcrumbList","@id":"https:\/\/consol.earth\/index.php\/innere-ruhe\/#breadcrumb","itemListElement":[{"@type":"ListItem","position":1,"name":"Startseite","item":"https:\/\/consol.earth\/"},{"@type":"ListItem","position":2,"name":"Innere Ruhe"}]},{"@type":"WebSite","@id":"https:\/\/consol.earth\/#website","url":"https:\/\/consol.earth\/","name":"Consciousness Solutions","description":"Bewusstsein ist die Wachheit, die das Licht ist, die das Innere beleuchtet.","publisher":{"@id":"https:\/\/consol.earth\/#organization"},"potentialAction":[{"@type":"SearchAction","target":{"@type":"EntryPoint","urlTemplate":"https:\/\/consol.earth\/?s={search_term_string}"},"query-input":"required name=search_term_string"}],"inLanguage":"de"},{"@type":"Organization","@id":"https:\/\/consol.earth\/#organization","name":"Consciousness Solutions","url":"https:\/\/consol.earth\/","logo":{"@type":"ImageObject","inLanguage":"de","@id":"https:\/\/consol.earth\/#\/schema\/logo\/image\/","url":"https:\/\/i0.wp.com\/consol.earth\/wp-content\/uploads\/2021\/10\/ConSol_Logo_Rings_No_Black_Lines.png?fit=801%2C368&ssl=1","contentUrl":"https:\/\/i0.wp.com\/consol.earth\/wp-content\/uploads\/2021\/10\/ConSol_Logo_Rings_No_Black_Lines.png?fit=801%2C368&ssl=1","width":801,"height":368,"caption":"Consciousness Solutions"},"image":{"@id":"https:\/\/consol.earth\/#\/schema\/logo\/image\/"}}]}},"jetpack_sharing_enabled":false,"jetpack_likes_enabled":false,"_links":{"self":[{"href":"https:\/\/consol.earth\/index.php\/wp-json\/wp\/v2\/pages\/6565"}],"collection":[{"href":"https:\/\/consol.earth\/index.php\/wp-json\/wp\/v2\/pages"}],"about":[{"href":"https:\/\/consol.earth\/index.php\/wp-json\/wp\/v2\/types\/page"}],"author":[{"embeddable":true,"href":"https:\/\/consol.earth\/index.php\/wp-json\/wp\/v2\/users\/2"}],"replies":[{"embeddable":true,"href":"https:\/\/consol.earth\/index.php\/wp-json\/wp\/v2\/comments?post=6565"}],"version-history":[{"count":2,"href":"https:\/\/consol.earth\/index.php\/wp-json\/wp\/v2\/pages\/6565\/revisions"}],"predecessor-version":[{"id":6567,"href":"https:\/\/consol.earth\/index.php\/wp-json\/wp\/v2\/pages\/6565\/revisions\/6567"}],"wp:attachment":[{"href":"https:\/\/consol.earth\/index.php\/wp-json\/wp\/v2\/media?parent=6565"}],"curies":[{"name":"wp","href":"https:\/\/api.w.org\/{rel}","templated":true}]}}