{"id":6978,"date":"2022-06-14T15:58:49","date_gmt":"2022-06-14T15:58:49","guid":{"rendered":"https:\/\/consol.earth\/?page_id=6978"},"modified":"2023-03-14T20:21:33","modified_gmt":"2023-03-14T20:21:33","slug":"kundalini","status":"publish","type":"page","link":"https:\/\/consol.earth\/index.php\/kundalini\/","title":{"rendered":"Kundalini"},"content":{"rendered":"<div id=\"pl-6978\"  class=\"panel-layout\" ><div id=\"pg-6978-0\"  class=\"panel-grid panel-no-style\" ><div id=\"pgc-6978-0-0\"  class=\"panel-grid-cell\" ><div id=\"panel-6978-0-0-0\" class=\"so-panel widget widget_spacer panel-first-child panel-last-child\" data-index=\"0\" ><div\n\t\t\t\n\t\t\tclass=\"so-widget-spacer so-widget-spacer-spacer-style-d75171398898-6978\"\n\t\t\t\n\t\t>\r\n\r\n\r\n\r\n\r\n<div class=\"spacer\" style=\"height: 80px\">\r\n<\/div><\/div><\/div><\/div><\/div><div id=\"pg-6978-1\"  class=\"panel-grid panel-no-style\" ><div id=\"pgc-6978-1-0\"  class=\"panel-grid-cell\" ><div id=\"panel-6978-1-0-0\" class=\"so-panel widget widget_sow-icon panel-first-child\" data-index=\"1\" ><div class=\"panel-widget-style panel-widget-style-for-6978-1-0-0\" ><div\n\t\t\t\n\t\t\tclass=\"so-widget-sow-icon so-widget-sow-icon-default-8460aa7b2093-6978\"\n\t\t\t\n\t\t>\n<div class=\"sow-icon-container sow-icon\">\n\t\t\t<span class=\"sow-icon-fontawesome sow-fas\" data-sow-icon=\"&#xf5bb;\"\n\t\t \n\t\taria-hidden=\"true\"><\/span>\t<\/div>\n<\/div><\/div><\/div><div id=\"panel-6978-1-0-1\" class=\"so-panel widget widget_sow-headline panel-last-child\" data-index=\"2\" ><div class=\"panel-widget-style panel-widget-style-for-6978-1-0-1\" ><div\n\t\t\t\n\t\t\tclass=\"so-widget-sow-headline so-widget-sow-headline-default-3d1f21d1b966-6978\"\n\t\t\t\n\t\t><div class=\"sow-headline-container \">\n\t<h1 class='sow-headline'>Kundalini Energie<\/h1>\t\t\t\t\t<div class=\"decoration\">\n\t\t\t\t\t\t<div class=\"decoration-inside\"><\/div>\n\t\t\t\t\t<\/div>\n\t\t\t\t\t<h2 class='sow-sub-headline'>Spirituelle Sexualit\u00e4t. <\/h2><\/div><\/div><\/div><\/div><\/div><\/div><div id=\"pg-6978-2\"  class=\"panel-grid panel-has-style\" ><div class=\"panel-row-style panel-row-style-for-6978-2\" ><div id=\"pgc-6978-2-0\"  class=\"panel-grid-cell\" ><div id=\"panel-6978-2-0-0\" class=\"so-panel widget widget_sow-editor panel-first-child panel-last-child\" data-index=\"3\" ><div class=\"panel-widget-style panel-widget-style-for-6978-2-0-0\" ><div\n\t\t\t\n\t\t\tclass=\"so-widget-sow-editor so-widget-sow-editor-base\"\n\t\t\t\n\t\t>\n<div class=\"siteorigin-widget-tinymce textwidget\">\n\t<h2 style=\"text-align: left;\">Geist, Energie, Rhythmik, Pr\u00e4senz, Hingabe und Bewusstsein machen die Sexualit\u00e4t aus.<\/h2>\n<p>Die Kundalinienergie, die in den meisten Menschen schlafend liegt, ist eine der kr\u00e4ftigsten, lebendigkeitsbringenden Energien unseres Organismus. In den Kundalinipraktiken leitet man diese Energie von der Wurzel durch jedes Hauptchakra nach oben und l\u00e4sst sie dann \u00fcber die Krone frei. Ist der K\u00f6rper von der Kundalinienergie durchstr\u00f6mt, erleben wir ein grenzenloses, intensives Gef\u00fchl von Ekstase.<\/p>\n<p>Alle Sensationen, Gesp\u00fcre und Empfindungen sind die Wirkungen der Energien im Inneren auf K\u00f6rper, Verstand und Geist. Wenn wir unsere Energien frei leiten und in uns aufsteigen lassen k\u00f6nnen, kommen wir so zu allen urspr\u00fcnglichen Erf\u00fcllungsempfindungen, die unser System erm\u00f6glichen kann.<\/p>\n<p>Die Energie kann \u00fcber den Raum des K\u00f6rpers ausgedehnt werden, wodurch wir in energetische Wechselwirkung mit unserer Umwelt und anderen Personen treten k\u00f6nnen. In der tantrischen Anwendung f\u00fcllt man sich ganz mit dem Kundalini Energiefluss und kann sich dann mit dem Fluss des Partners verbinden.<\/p>\n<\/div>\n<\/div><\/div><\/div><\/div><\/div><\/div><div id=\"pg-6978-3\"  class=\"panel-grid panel-has-style\" ><div class=\"panel-row-style panel-row-style-for-6978-3\" ><div id=\"pgc-6978-3-0\"  class=\"panel-grid-cell\" ><div id=\"panel-6978-3-0-0\" class=\"so-panel widget widget_spacer panel-first-child panel-last-child\" data-index=\"4\" ><div\n\t\t\t\n\t\t\tclass=\"so-widget-spacer so-widget-spacer-spacer-style-d75171398898-6978\"\n\t\t\t\n\t\t>\r\n\r\n\r\n\r\n\r\n<div class=\"spacer\" style=\"height: 264px\">\r\n<\/div><\/div><\/div><\/div><\/div><\/div><div id=\"pg-6978-4\"  class=\"panel-grid panel-has-style\" ><div class=\"panel-row-style panel-row-style-for-6978-4\" ><div id=\"pgc-6978-4-0\"  class=\"panel-grid-cell\" ><div id=\"panel-6978-4-0-0\" class=\"so-panel widget widget_sow-editor panel-first-child panel-last-child\" data-index=\"5\" ><div class=\"panel-widget-style panel-widget-style-for-6978-4-0-0\" ><div\n\t\t\t\n\t\t\tclass=\"so-widget-sow-editor so-widget-sow-editor-base\"\n\t\t\t\n\t\t>\n<div class=\"siteorigin-widget-tinymce textwidget\">\n\t<p>Die Vereinigung von weiblicher und m\u00e4nnlicher Energetik zu einer Einheit der Lebendigkeit, der ekstatischen Freude und rhythmischen Einsheit, die w\u00e4hrend des Geschlechtsakts zustande kommt, beruht auf dieser urspr\u00fcnglichen M\u00f6glichkeit der heiligen Sexualit\u00e4t. Mit partnerschaftlicher, gegenseitiger Vertrautheit, Annahme und Lust-Energetik wird das Aufbauen des Kundalinienergiestroms zu einem nat\u00fcrlichen, integrierbaren Teil des Sexlebens.<\/p>\n<p>Das Verst\u00e4ndnis f\u00fcr K\u00f6rper, Energetik, Emotinalit\u00e4t, Kommunikation und Stimmulierbarkeit nimmt mit diesem tantrischen Wissen stark zu. In tantrischem Sex geben wir jeden Aspekt unseres Seins in Geist und Energie in unseren Partner hinein. Dabei vertieft sich das Band, die Kraft und die Liebe einer Beziehung. Mit den Selbsterfahrungen, die die spirituelle Sexualit\u00e4t in unser Leben bringt, entwickeln wir uns weiter zu intrinsisch freudigeren, lebendigeren und erf\u00fcllteren Wesen.<\/p>\n<\/div>\n<\/div><\/div><\/div><\/div><\/div><\/div><div id=\"pg-6978-5\"  class=\"panel-grid panel-has-style\" ><div class=\"panel-row-style panel-row-style-for-6978-5\" ><div id=\"pgc-6978-5-0\"  class=\"panel-grid-cell\" ><div id=\"panel-6978-5-0-0\" class=\"so-panel widget widget_spacer panel-first-child panel-last-child\" data-index=\"6\" ><div class=\"panel-widget-style panel-widget-style-for-6978-5-0-0\" ><div\n\t\t\t\n\t\t\tclass=\"so-widget-spacer so-widget-spacer-spacer-style-d75171398898-6978\"\n\t\t\t\n\t\t>\r\n\r\n\r\n\r\n\r\n<div class=\"spacer\" style=\"height: 316px\">\r\n<\/div><\/div><\/div><\/div><\/div><\/div><\/div><div id=\"pg-6978-6\"  class=\"panel-grid panel-has-style\" ><div class=\"panel-row-style panel-row-style-for-6978-6\" ><div id=\"pgc-6978-6-0\"  class=\"panel-grid-cell\" ><div id=\"panel-6978-6-0-0\" class=\"so-panel widget widget_sow-headline panel-first-child panel-last-child\" data-index=\"7\" ><div class=\"panel-widget-style panel-widget-style-for-6978-6-0-0\" ><div\n\t\t\t\n\t\t\tclass=\"so-widget-sow-headline so-widget-sow-headline-default-578b5d1c2a06-6978\"\n\t\t\t\n\t\t><div class=\"sow-headline-container \">\n\t<h1 class='sow-headline'>Dieser Kurs ist f\u00fcr<\/h1>\t\t\t\t\t<div class=\"decoration\">\n\t\t\t\t\t\t<div class=\"decoration-inside\"><\/div>\n\t\t\t\t\t<\/div>\n\t\t\t\t\t<\/div><\/div><\/div><\/div><\/div><\/div><\/div><div id=\"pg-6978-7\"  class=\"panel-grid panel-has-style\" ><div class=\"panel-row-style panel-row-style-for-6978-7\" ><div id=\"pgc-6978-7-0\"  class=\"panel-grid-cell\" ><div id=\"panel-6978-7-0-0\" class=\"so-panel widget widget_sow-headline panel-first-child\" data-index=\"8\" ><div class=\"panel-widget-style panel-widget-style-for-6978-7-0-0\" ><div\n\t\t\t\n\t\t\tclass=\"so-widget-sow-headline so-widget-sow-headline-default-80b274092202-6978\"\n\t\t\t\n\t\t><div class=\"sow-headline-container \">\n\t<h1 class='sow-headline'>Menschen in Partnerschaften <\/h1>\t\t\t\t\t<div class=\"decoration\">\n\t\t\t\t\t\t<div class=\"decoration-inside\"><\/div>\n\t\t\t\t\t<\/div>\n\t\t\t\t\t<\/div><\/div><\/div><\/div><div id=\"panel-6978-7-0-1\" class=\"so-panel widget widget_sow-editor\" data-index=\"9\" ><div class=\"panel-widget-style panel-widget-style-for-6978-7-0-1\" ><div\n\t\t\t\n\t\t\tclass=\"so-widget-sow-editor so-widget-sow-editor-base\"\n\t\t\t\n\t\t>\n<div class=\"siteorigin-widget-tinymce textwidget\">\n\t<div id=\"panel-45-6-0-0\" class=\"so-panel widget widget_sow-headline panel-first-child\" data-index=\"10\">\n<div class=\"so-widget-sow-headline so-widget-sow-headline-default-ea0af4cf39ae-45\">\n<div class=\"sow-headline-container \">\n<ul>\n<li class=\"sow-sub-headline\">mit Einvernehmnis \u00fcber die Wirkung von Energie und Schwingung auf den menschlichen K\u00f6rper.<\/li>\n<li class=\"sow-sub-headline\">Beziehungen mit dem Wunsch, miteinander \u00fcber die Grenzen der Vorstellungen hinauszuwachsen.<\/li>\n<li class=\"sow-sub-headline\">Bewusste Paare, die sich w\u00fcnschen, die Geheimnisse des Lebens zusammen zu erfahren und Inspiration, Einsheit, Feingef\u00fchl, echte Erotik und geistige Erfahrung in die Basis ihrer Beziehung einzubetten.<\/li>\n<\/ul>\n<\/div>\n<\/div>\n<\/div>\n<\/div>\n<\/div><\/div><\/div><div id=\"panel-6978-7-0-2\" class=\"so-panel widget widget_sow-image panel-last-child\" data-index=\"10\" ><div class=\"panel-widget-style panel-widget-style-for-6978-7-0-2\" ><div\n\t\t\t\n\t\t\tclass=\"so-widget-sow-image so-widget-sow-image-default-17bc2272b535-6978\"\n\t\t\t\n\t\t>\n\n<div class=\"sow-image-container\">\n\t\t<img src=\"https:\/\/i0.wp.com\/consol.earth\/wp-content\/uploads\/2022\/06\/ba26a77f27305425421bae52fb703e5f.jpg?fit=360%2C612&amp;ssl=1\" width=\"360\" height=\"612\" srcset=\"https:\/\/i0.wp.com\/consol.earth\/wp-content\/uploads\/2022\/06\/ba26a77f27305425421bae52fb703e5f.jpg?w=360&amp;ssl=1 360w, https:\/\/i0.wp.com\/consol.earth\/wp-content\/uploads\/2022\/06\/ba26a77f27305425421bae52fb703e5f.jpg?resize=176%2C300&amp;ssl=1 176w\" title=\"Kundalini Energie Partnerworkshop\" alt=\"Kundalini Energie Partnerworkshop\" loading=\"lazy\" \t\tclass=\"so-widget-image\"\/>\n\t<\/div>\n\n<\/div><\/div><\/div><\/div><div id=\"pgc-6978-7-1\"  class=\"panel-grid-cell\" ><div id=\"panel-6978-7-1-0\" class=\"so-panel widget widget_sow-headline panel-first-child\" data-index=\"11\" ><div class=\"panel-widget-style panel-widget-style-for-6978-7-1-0\" ><div\n\t\t\t\n\t\t\tclass=\"so-widget-sow-headline so-widget-sow-headline-default-80b274092202-6978\"\n\t\t\t\n\t\t><div class=\"sow-headline-container \">\n\t<h1 class='sow-headline'>Individuelle Menschen<\/h1>\t\t\t\t\t<div class=\"decoration\">\n\t\t\t\t\t\t<div class=\"decoration-inside\"><\/div>\n\t\t\t\t\t<\/div>\n\t\t\t\t\t<\/div><\/div><\/div><\/div><div id=\"panel-6978-7-1-1\" class=\"so-panel widget widget_sow-editor\" data-index=\"12\" ><div class=\"panel-widget-style panel-widget-style-for-6978-7-1-1\" ><div\n\t\t\t\n\t\t\tclass=\"so-widget-sow-editor so-widget-sow-editor-base\"\n\t\t\t\n\t\t>\n<div class=\"siteorigin-widget-tinymce textwidget\">\n\t<ul>\n<li>die ihren K\u00f6rper und Geist sowie die Verbindung aus beidem tiefer ergr\u00fcnden m\u00f6chten,<\/li>\n<li>die sich der energetischen und emotionalen Wirkung der Hauptchakren bewusster werden m\u00f6chten,<\/li>\n<li>die sich w\u00fcnschen, Zug\u00e4nge zu anhaltender Ekstase und Erf\u00fcllung aufzubauen,<\/li>\n<li>die ihren zuk\u00fcnftigen Partnern spirituelle und energetische Sexualerfahrungen schenken wollen.<\/li>\n<\/ul>\n<\/div>\n<\/div><\/div><\/div><div id=\"panel-6978-7-1-2\" class=\"so-panel widget widget_sow-image panel-last-child\" data-index=\"13\" ><div class=\"panel-widget-style panel-widget-style-for-6978-7-1-2\" ><div\n\t\t\t\n\t\t\tclass=\"so-widget-sow-image so-widget-sow-image-default-17bc2272b535-6978\"\n\t\t\t\n\t\t>\n\n<div class=\"sow-image-container\">\n\t\t<img src=\"https:\/\/i0.wp.com\/consol.earth\/wp-content\/uploads\/2022\/06\/1_2TZs-Pjii5ZId-T7KyWIDw.jpeg?fit=336%2C504&amp;ssl=1\" width=\"336\" height=\"504\" srcset=\"https:\/\/i0.wp.com\/consol.earth\/wp-content\/uploads\/2022\/06\/1_2TZs-Pjii5ZId-T7KyWIDw.jpeg?w=336&amp;ssl=1 336w, https:\/\/i0.wp.com\/consol.earth\/wp-content\/uploads\/2022\/06\/1_2TZs-Pjii5ZId-T7KyWIDw.jpeg?resize=200%2C300&amp;ssl=1 200w\" title=\"Kundalini Energie \" alt=\"Kundalini Energie\" loading=\"lazy\" \t\tclass=\"so-widget-image\"\/>\n\t<\/div>\n\n<\/div><\/div><\/div><\/div><\/div><\/div><div id=\"pg-6978-8\"  class=\"panel-grid panel-no-style\" ><div id=\"pgc-6978-8-0\"  class=\"panel-grid-cell\" ><div id=\"panel-6978-8-0-0\" class=\"so-panel widget widget_sow-button panel-first-child\" data-index=\"14\" ><div class=\"panel-widget-style panel-widget-style-for-6978-8-0-0\" ><div\n\t\t\t\n\t\t\tclass=\"so-widget-sow-button so-widget-sow-button-wire-828b84b385e9-6978\"\n\t\t\t\n\t\t><div class=\"ow-button-base ow-button-align-center\">\n\t<a href=\"https:\/\/consol.earth\/index.php\/kontakt\/\" class=\"ow-icon-placement-left ow-button-hover\" \t\t>\n\t\t<span>\n\t\t\t\n\t\t\tbook now\t\t<\/span>\n\t<\/a>\n<\/div>\n<\/div><\/div><\/div><div id=\"panel-6978-8-0-1\" class=\"so-panel widget widget_sow-image panel-last-child\" data-index=\"15\" ><div class=\"panel-widget-style panel-widget-style-for-6978-8-0-1\" ><div\n\t\t\t\n\t\t\tclass=\"so-widget-sow-image so-widget-sow-image-default-d6014b76747a-6978\"\n\t\t\t\n\t\t>\n\n<div class=\"sow-image-container\">\n\t\t<img src=\"https:\/\/i0.wp.com\/consol.earth\/wp-content\/uploads\/2022\/01\/ConSol_Logo_Rings_clear-e1642431901777.png?fit=1500%2C676&amp;ssl=1\" width=\"1500\" height=\"676\" title=\"ConSol_Logo_Rings_clear\" alt=\"\" loading=\"lazy\" \t\tclass=\"so-widget-image\"\/>\n\t<\/div>\n\n<\/div><\/div><\/div><\/div><\/div><\/div>","protected":false},"excerpt":{"rendered":"<p>Kundalini Energie Spirituelle Sexualit\u00e4t. Geist, Energie, Rhythmik, Pr\u00e4senz, Hingabe und Bewusstsein machen die Sexualit\u00e4t aus. Die Kundalinienergie, die in den meisten Menschen schlafend liegt, ist eine der kr\u00e4ftigsten, lebendigkeitsbringenden Energien unseres Organismus. In den Kundalinipraktiken leitet man diese Energie von der Wurzel durch jedes Hauptchakra nach oben und l\u00e4sst sie dann \u00fcber die Krone frei. [&hellip;]<\/p>\n","protected":false},"author":2,"featured_media":0,"parent":0,"menu_order":0,"comment_status":"closed","ping_status":"closed","template":"","meta":{"_monsterinsights_skip_tracking":false,"_monsterinsights_sitenote_active":false,"_monsterinsights_sitenote_note":"","_monsterinsights_sitenote_category":0,"jetpack_post_was_ever_published":false},"yoast_head":"<!-- This site is optimized with the Yoast SEO plugin v20.3 - https:\/\/yoast.com\/wordpress\/plugins\/seo\/ -->\n<title>Kundalini - Consciousness Solutions<\/title>\n<meta name=\"robots\" content=\"index, follow, max-snippet:-1, max-image-preview:large, max-video-preview:-1\" \/>\n<link rel=\"canonical\" href=\"https:\/\/consol.earth\/index.php\/kundalini\/\" \/>\n<meta property=\"og:locale\" content=\"de_DE\" \/>\n<meta property=\"og:type\" content=\"article\" \/>\n<meta property=\"og:title\" content=\"Kundalini - Consciousness Solutions\" \/>\n<meta property=\"og:description\" content=\"Kundalini Energie Spirituelle Sexualit\u00e4t. Geist, Energie, Rhythmik, Pr\u00e4senz, Hingabe und Bewusstsein machen die Sexualit\u00e4t aus. Die Kundalinienergie, die in den meisten Menschen schlafend liegt, ist eine der kr\u00e4ftigsten, lebendigkeitsbringenden Energien unseres Organismus. In den Kundalinipraktiken leitet man diese Energie von der Wurzel durch jedes Hauptchakra nach oben und l\u00e4sst sie dann \u00fcber die Krone frei. [&hellip;]\" \/>\n<meta property=\"og:url\" content=\"https:\/\/consol.earth\/index.php\/kundalini\/\" \/>\n<meta property=\"og:site_name\" content=\"Consciousness Solutions\" \/>\n<meta property=\"article:modified_time\" content=\"2023-03-14T20:21:33+00:00\" \/>\n<meta name=\"twitter:card\" content=\"summary_large_image\" \/>\n<meta name=\"twitter:label1\" content=\"Gesch\u00e4tzte Lesezeit\" \/>\n\t<meta name=\"twitter:data1\" content=\"3\u00a0Minuten\" \/>\n<script type=\"application\/ld+json\" class=\"yoast-schema-graph\">{\"@context\":\"https:\/\/schema.org\",\"@graph\":[{\"@type\":\"WebPage\",\"@id\":\"https:\/\/consol.earth\/index.php\/kundalini\/\",\"url\":\"https:\/\/consol.earth\/index.php\/kundalini\/\",\"name\":\"Kundalini - Consciousness Solutions\",\"isPartOf\":{\"@id\":\"https:\/\/consol.earth\/#website\"},\"datePublished\":\"2022-06-14T15:58:49+00:00\",\"dateModified\":\"2023-03-14T20:21:33+00:00\",\"breadcrumb\":{\"@id\":\"https:\/\/consol.earth\/index.php\/kundalini\/#breadcrumb\"},\"inLanguage\":\"de\",\"potentialAction\":[{\"@type\":\"ReadAction\",\"target\":[\"https:\/\/consol.earth\/index.php\/kundalini\/\"]}]},{\"@type\":\"BreadcrumbList\",\"@id\":\"https:\/\/consol.earth\/index.php\/kundalini\/#breadcrumb\",\"itemListElement\":[{\"@type\":\"ListItem\",\"position\":1,\"name\":\"Startseite\",\"item\":\"https:\/\/consol.earth\/\"},{\"@type\":\"ListItem\",\"position\":2,\"name\":\"Kundalini\"}]},{\"@type\":\"WebSite\",\"@id\":\"https:\/\/consol.earth\/#website\",\"url\":\"https:\/\/consol.earth\/\",\"name\":\"Consciousness Solutions\",\"description\":\"Bewusstsein ist die Wachheit, die das Licht ist, die das Innere beleuchtet.\",\"publisher\":{\"@id\":\"https:\/\/consol.earth\/#organization\"},\"potentialAction\":[{\"@type\":\"SearchAction\",\"target\":{\"@type\":\"EntryPoint\",\"urlTemplate\":\"https:\/\/consol.earth\/?s={search_term_string}\"},\"query-input\":\"required name=search_term_string\"}],\"inLanguage\":\"de\"},{\"@type\":\"Organization\",\"@id\":\"https:\/\/consol.earth\/#organization\",\"name\":\"Consciousness Solutions\",\"url\":\"https:\/\/consol.earth\/\",\"logo\":{\"@type\":\"ImageObject\",\"inLanguage\":\"de\",\"@id\":\"https:\/\/consol.earth\/#\/schema\/logo\/image\/\",\"url\":\"https:\/\/i0.wp.com\/consol.earth\/wp-content\/uploads\/2021\/10\/ConSol_Logo_Rings_No_Black_Lines.png?fit=801%2C368&ssl=1\",\"contentUrl\":\"https:\/\/i0.wp.com\/consol.earth\/wp-content\/uploads\/2021\/10\/ConSol_Logo_Rings_No_Black_Lines.png?fit=801%2C368&ssl=1\",\"width\":801,\"height\":368,\"caption\":\"Consciousness Solutions\"},\"image\":{\"@id\":\"https:\/\/consol.earth\/#\/schema\/logo\/image\/\"}}]}<\/script>\n<!-- \/ Yoast SEO plugin. -->","yoast_head_json":{"title":"Kundalini - Consciousness Solutions","robots":{"index":"index","follow":"follow","max-snippet":"max-snippet:-1","max-image-preview":"max-image-preview:large","max-video-preview":"max-video-preview:-1"},"canonical":"https:\/\/consol.earth\/index.php\/kundalini\/","og_locale":"de_DE","og_type":"article","og_title":"Kundalini - Consciousness Solutions","og_description":"Kundalini Energie Spirituelle Sexualit\u00e4t. Geist, Energie, Rhythmik, Pr\u00e4senz, Hingabe und Bewusstsein machen die Sexualit\u00e4t aus. Die Kundalinienergie, die in den meisten Menschen schlafend liegt, ist eine der kr\u00e4ftigsten, lebendigkeitsbringenden Energien unseres Organismus. In den Kundalinipraktiken leitet man diese Energie von der Wurzel durch jedes Hauptchakra nach oben und l\u00e4sst sie dann \u00fcber die Krone frei. [&hellip;]","og_url":"https:\/\/consol.earth\/index.php\/kundalini\/","og_site_name":"Consciousness Solutions","article_modified_time":"2023-03-14T20:21:33+00:00","twitter_card":"summary_large_image","twitter_misc":{"Gesch\u00e4tzte Lesezeit":"3\u00a0Minuten"},"schema":{"@context":"https:\/\/schema.org","@graph":[{"@type":"WebPage","@id":"https:\/\/consol.earth\/index.php\/kundalini\/","url":"https:\/\/consol.earth\/index.php\/kundalini\/","name":"Kundalini - Consciousness Solutions","isPartOf":{"@id":"https:\/\/consol.earth\/#website"},"datePublished":"2022-06-14T15:58:49+00:00","dateModified":"2023-03-14T20:21:33+00:00","breadcrumb":{"@id":"https:\/\/consol.earth\/index.php\/kundalini\/#breadcrumb"},"inLanguage":"de","potentialAction":[{"@type":"ReadAction","target":["https:\/\/consol.earth\/index.php\/kundalini\/"]}]},{"@type":"BreadcrumbList","@id":"https:\/\/consol.earth\/index.php\/kundalini\/#breadcrumb","itemListElement":[{"@type":"ListItem","position":1,"name":"Startseite","item":"https:\/\/consol.earth\/"},{"@type":"ListItem","position":2,"name":"Kundalini"}]},{"@type":"WebSite","@id":"https:\/\/consol.earth\/#website","url":"https:\/\/consol.earth\/","name":"Consciousness Solutions","description":"Bewusstsein ist die Wachheit, die das Licht ist, die das Innere beleuchtet.","publisher":{"@id":"https:\/\/consol.earth\/#organization"},"potentialAction":[{"@type":"SearchAction","target":{"@type":"EntryPoint","urlTemplate":"https:\/\/consol.earth\/?s={search_term_string}"},"query-input":"required name=search_term_string"}],"inLanguage":"de"},{"@type":"Organization","@id":"https:\/\/consol.earth\/#organization","name":"Consciousness Solutions","url":"https:\/\/consol.earth\/","logo":{"@type":"ImageObject","inLanguage":"de","@id":"https:\/\/consol.earth\/#\/schema\/logo\/image\/","url":"https:\/\/i0.wp.com\/consol.earth\/wp-content\/uploads\/2021\/10\/ConSol_Logo_Rings_No_Black_Lines.png?fit=801%2C368&ssl=1","contentUrl":"https:\/\/i0.wp.com\/consol.earth\/wp-content\/uploads\/2021\/10\/ConSol_Logo_Rings_No_Black_Lines.png?fit=801%2C368&ssl=1","width":801,"height":368,"caption":"Consciousness Solutions"},"image":{"@id":"https:\/\/consol.earth\/#\/schema\/logo\/image\/"}}]}},"jetpack_sharing_enabled":false,"jetpack_likes_enabled":false,"_links":{"self":[{"href":"https:\/\/consol.earth\/index.php\/wp-json\/wp\/v2\/pages\/6978"}],"collection":[{"href":"https:\/\/consol.earth\/index.php\/wp-json\/wp\/v2\/pages"}],"about":[{"href":"https:\/\/consol.earth\/index.php\/wp-json\/wp\/v2\/types\/page"}],"author":[{"embeddable":true,"href":"https:\/\/consol.earth\/index.php\/wp-json\/wp\/v2\/users\/2"}],"replies":[{"embeddable":true,"href":"https:\/\/consol.earth\/index.php\/wp-json\/wp\/v2\/comments?post=6978"}],"version-history":[{"count":28,"href":"https:\/\/consol.earth\/index.php\/wp-json\/wp\/v2\/pages\/6978\/revisions"}],"predecessor-version":[{"id":7243,"href":"https:\/\/consol.earth\/index.php\/wp-json\/wp\/v2\/pages\/6978\/revisions\/7243"}],"wp:attachment":[{"href":"https:\/\/consol.earth\/index.php\/wp-json\/wp\/v2\/media?parent=6978"}],"curies":[{"name":"wp","href":"https:\/\/api.w.org\/{rel}","templated":true}]}}