{"id":7056,"date":"2022-06-28T13:55:05","date_gmt":"2022-06-28T13:55:05","guid":{"rendered":"https:\/\/consol.earth\/?page_id=7056"},"modified":"2023-03-14T20:11:41","modified_gmt":"2023-03-14T20:11:41","slug":"bewusstsein-allgemeines","status":"publish","type":"page","link":"https:\/\/consol.earth\/index.php\/bewusstsein-allgemeines\/","title":{"rendered":"Bewusstsein allgemeines"},"content":{"rendered":"<div id=\"pl-7056\"  class=\"panel-layout\" ><div id=\"pg-7056-0\"  class=\"panel-grid panel-no-style\" ><div id=\"pgc-7056-0-0\"  class=\"panel-grid-cell\" ><div id=\"panel-7056-0-0-0\" class=\"so-panel widget widget_spacer panel-first-child panel-last-child\" data-index=\"0\" ><div\n\t\t\t\n\t\t\tclass=\"so-widget-spacer so-widget-spacer-spacer-style-d75171398898-7056\"\n\t\t\t\n\t\t>\r\n\r\n\r\n\r\n\r\n<div class=\"spacer\" style=\"height: 80px\">\r\n<\/div><\/div><\/div><\/div><\/div><div id=\"pg-7056-1\"  class=\"panel-grid panel-no-style\" ><div id=\"pgc-7056-1-0\"  class=\"panel-grid-cell\" ><div id=\"panel-7056-1-0-0\" class=\"so-panel widget widget_sow-icon panel-first-child\" data-index=\"1\" ><div class=\"panel-widget-style panel-widget-style-for-7056-1-0-0\" ><div\n\t\t\t\n\t\t\tclass=\"so-widget-sow-icon so-widget-sow-icon-default-8460aa7b2093-7056\"\n\t\t\t\n\t\t>\n<div class=\"sow-icon-container sow-icon\">\n\t\t\t<span class=\"sow-icon-fontawesome sow-fas\" data-sow-icon=\"&#xf111;\"\n\t\t \n\t\taria-hidden=\"true\"><\/span>\t<\/div>\n<\/div><\/div><\/div><div id=\"panel-7056-1-0-1\" class=\"so-panel widget widget_sow-headline panel-last-child\" data-index=\"2\" ><div class=\"panel-widget-style panel-widget-style-for-7056-1-0-1\" ><div\n\t\t\t\n\t\t\tclass=\"so-widget-sow-headline so-widget-sow-headline-default-3d1f21d1b966-7056\"\n\t\t\t\n\t\t><div class=\"sow-headline-container \">\n\t<h1 class='sow-headline'>Was ist das Bewusstsein?<\/h1>\t\t\t\t\t<div class=\"decoration\">\n\t\t\t\t\t\t<div class=\"decoration-inside\"><\/div>\n\t\t\t\t\t<\/div>\n\t\t\t\t\t<\/div><\/div><\/div><\/div><\/div><\/div><div id=\"pg-7056-2\"  class=\"panel-grid panel-has-style\" ><div class=\"panel-row-style panel-row-style-for-7056-2\" ><div id=\"pgc-7056-2-0\"  class=\"panel-grid-cell\" ><div id=\"panel-7056-2-0-0\" class=\"so-panel widget widget_sow-editor panel-first-child panel-last-child\" data-index=\"3\" ><div class=\"panel-widget-style panel-widget-style-for-7056-2-0-0\" ><div\n\t\t\t\n\t\t\tclass=\"so-widget-sow-editor so-widget-sow-editor-base\"\n\t\t\t\n\t\t>\n<div class=\"siteorigin-widget-tinymce textwidget\">\n\t<h2 style=\"text-align: left;\">Das Bewusstsein ist das, wodurch wir wissen,<br \/>\ndass es uns (wirklich) gibt.<\/h2>\n<p style=\"text-align: left;\">Unser Hier-Sein ist voller verschiedenster Geschehnisse \u2013 Gef\u00fchle, Handlungen, Impressionen, Verkn\u00fcpfungen, Erfahrungen \u2013 die wir nicht einfach blind ausleben, wie instinktive Maschinen. Wir sind allem bewusst, w\u00e4hrend es passiert.<\/p>\n<p style=\"text-align: left;\">Unbewusstes Handeln hingegen, hat nichts mit mir zu tun. Unbewusstes F\u00fchlen ber\u00fchrt mich nicht. Unbewusstes Erleben er\u00f6ffnet keinen Eindruck in mir. Unbewusstes Schauen l\u00e4sst mich nicht teilnehmen.<\/p>\n<p style=\"text-align: left;\"><em>Es ist also so, dass indem ich bewusst mit etwas bin, mich bewusst auf etwas ausrichte, mich bewusst auf etwas einlasse, dass ich dabei bin, dass ich bin.<\/em><\/p>\n<\/div>\n<\/div><\/div><\/div><\/div><\/div><\/div><div id=\"pg-7056-3\"  class=\"panel-grid panel-has-style\" ><div class=\"panel-row-style panel-row-style-for-7056-3\" ><div id=\"pgc-7056-3-0\"  class=\"panel-grid-cell\" ><div id=\"panel-7056-3-0-0\" class=\"so-panel widget widget_spacer panel-first-child panel-last-child\" data-index=\"4\" ><div\n\t\t\t\n\t\t\tclass=\"so-widget-spacer so-widget-spacer-spacer-style-d75171398898-7056\"\n\t\t\t\n\t\t>\r\n\r\n\r\n\r\n\r\n<div class=\"spacer\" style=\"height: 264px\">\r\n<\/div><\/div><\/div><\/div><\/div><\/div><div id=\"pg-7056-4\"  class=\"panel-grid panel-has-style\" ><div class=\"panel-row-style panel-row-style-for-7056-4\" ><div id=\"pgc-7056-4-0\"  class=\"panel-grid-cell\" ><div id=\"panel-7056-4-0-0\" class=\"so-panel widget widget_sow-editor panel-first-child panel-last-child\" data-index=\"5\" ><div class=\"panel-widget-style panel-widget-style-for-7056-4-0-0\" ><div\n\t\t\t\n\t\t\tclass=\"so-widget-sow-editor so-widget-sow-editor-base\"\n\t\t\t\n\t\t>\n<div class=\"siteorigin-widget-tinymce textwidget\">\n\t<h2>Bewusstsein ist der Ursprung<\/h2>\n<p><em>Wo das Bewusstsein ist, da bin ich<\/em>. Ohne Bewusstsein k\u00f6nnte die Existenz auch ganz einfach egal sein. Aus dem Bewusstsein kommt das Ich, das Innerste, das echte Selbst. Das <em>Bewusstsein gibt den Ursprung aller Ichs<\/em>, aller Wesen in die Existenz hinein.<\/p>\n<blockquote>\n<p>Das Bewusstsein ist der Quell von dir, von mir, von uns.<\/p>\n<\/blockquote>\n<p>Alles Sch\u00f6ne, alles Liebende, alles Bewegende und alles Transformierende w\u00fcrde es nicht geben, wenn da niemand w\u00e4re, f\u00fcr den es sch\u00f6n, liebend, bewegend oder transformierend w\u00e4re.<\/p>\n<p>Wenn es niemanden g\u00e4be, der das Universum bewundern k\u00f6nnte, dann w\u00e4re es auch kein Wunder.<br \/>\nDas Bewusstsein macht das Existieren zu einem Wunder. Es schafft die Grundlage, dass aus Leben waches Leben werden kann, dass aus Tat Tugend werden kann, dass das Sein unbeschreiblich aktiv und erfreuend werden kann.<\/p>\n<p>&nbsp;<\/p>\n<\/div>\n<\/div><\/div><\/div><\/div><\/div><\/div><div id=\"pg-7056-5\"  class=\"panel-grid panel-has-style\" ><div class=\"panel-row-style panel-row-style-for-7056-5\" ><div id=\"pgc-7056-5-0\"  class=\"panel-grid-cell\" ><div id=\"panel-7056-5-0-0\" class=\"so-panel widget widget_spacer panel-first-child panel-last-child\" data-index=\"6\" ><div class=\"panel-widget-style panel-widget-style-for-7056-5-0-0\" ><div\n\t\t\t\n\t\t\tclass=\"so-widget-spacer so-widget-spacer-spacer-style-d75171398898-7056\"\n\t\t\t\n\t\t>\r\n\r\n\r\n\r\n\r\n<div class=\"spacer\" style=\"height: 316px\">\r\n<\/div><\/div><\/div><\/div><\/div><\/div><\/div><div id=\"pg-7056-6\"  class=\"panel-grid panel-has-style\" ><div class=\"panel-row-style panel-row-style-for-7056-6\" ><div id=\"pgc-7056-6-0\"  class=\"panel-grid-cell\" ><div id=\"panel-7056-6-0-0\" class=\"so-panel widget widget_sow-editor panel-first-child panel-last-child\" data-index=\"7\" ><div class=\"panel-widget-style panel-widget-style-for-7056-6-0-0\" ><div\n\t\t\t\n\t\t\tclass=\"so-widget-sow-editor so-widget-sow-editor-base\"\n\t\t\t\n\t\t>\n<div class=\"siteorigin-widget-tinymce textwidget\">\n\t<h2>Leben im Bewusstsein<\/h2>\n<p>Wenn du auf Autopilot lebst, dann lebst du nicht, denn <em>du<\/em> erlebst nicht.<\/p>\n<p>Wenn du jedoch den Moment, das Erlebnis, bewusst wahrnimmst und dich<em> ohne R\u00fcckhalt ganz<\/em> hineingibst, dich darauf einl\u00e4sst, dann entsteht ein unermesslich grosses Lebensgef\u00fchl. Eine sch\u00f6pferische Kraft tut sich in dir auf, das Leben in F\u00fclle, Freiheit und Freude zu sehen.<\/p>\n<p>Aus dem Bewusstsein entspringt die F\u00e4higkeit, das Ganze wahrzunehmen und in urspr\u00fcnglicher Freude des Seins zu existieren \u2013 <em>deine wahre Natur<\/em>. So weckt das Bewusstsein den inne liegenden Willen, das Selbstverst\u00e4ndnis, das Mitgef\u00fchl und die Hingabe auf, ein wundersch\u00f6nes Leben f\u00fcr sich selbst und seine N\u00e4chsten aufzubauen.<\/p>\n<\/div>\n<\/div><\/div><\/div><\/div><\/div><\/div><div id=\"pg-7056-7\"  class=\"panel-grid panel-has-style\" ><div class=\"panel-row-style panel-row-style-for-7056-7\" ><div id=\"pgc-7056-7-0\"  class=\"panel-grid-cell\" ><div id=\"panel-7056-7-0-0\" class=\"so-panel widget widget_spacer panel-first-child panel-last-child\" data-index=\"8\" ><div class=\"panel-widget-style panel-widget-style-for-7056-7-0-0\" ><div\n\t\t\t\n\t\t\tclass=\"so-widget-spacer so-widget-spacer-spacer-style-d75171398898-7056\"\n\t\t\t\n\t\t>\r\n\r\n\r\n\r\n\r\n<div class=\"spacer\" style=\"height: 316px\">\r\n<\/div><\/div><\/div><\/div><\/div><\/div><\/div><div id=\"pg-7056-8\"  class=\"panel-grid panel-has-style\" ><div class=\"panel-row-style panel-row-style-for-7056-8\" ><div id=\"pgc-7056-8-0\"  class=\"panel-grid-cell\" ><div id=\"panel-7056-8-0-0\" class=\"so-panel widget widget_sow-editor panel-first-child panel-last-child\" data-index=\"9\" ><div class=\"panel-widget-style panel-widget-style-for-7056-8-0-0\" ><div\n\t\t\t\n\t\t\tclass=\"so-widget-sow-editor so-widget-sow-editor-base\"\n\t\t\t\n\t\t>\n<div class=\"siteorigin-widget-tinymce textwidget\">\n\t<h2>Bewusstseinsentfaltung<\/h2>\n<p>Um das Bewusstsein zu entfalten und alle diese n\u00e4hrenden, st\u00e4rkenden, verbindenden und entwickelnden Effekte f\u00fcr sich selbst zu gewinnen, gilt es, dem Bewusstsein rein bewusst zu sein.<br \/>\nDie Realit\u00e4t von allem, das ist, in uns zu erkennen.<\/p>\n<p>Das heisst, wir kehren zu unserem innersten Kern und sind ganz, f\u00fcr uns selbst \u2013 wach, klar, bewusst \u2013 ohne auf unser Leben oder die Welt einzuwirken.<br \/>\nDas ist <em>Meditation: Bewusst zu sein und sich Nichts zu widmen.<\/em><\/p>\n<p>Im Leben heisst das Verwenden des Bewusstseins vor allem klares Hinschauen. Man blickt nicht weg, ist ganz beim Leben. In Offenheit, allen Aspekten des Lebens zu begegnen, ist man genau bei dem, wie es jetzt gerade ist. Man \u00f6ffnet sich selbst die Augen und sieht das Leben ohne seine Filter aus Angst oder Zur\u00fcckhaltung.<\/p>\n<p><em>Im offenen Schauen zeigt sich das Leben ganz<\/em>. Jedes Gef\u00fchl von Enge beginnt von einem abzufallen und man erf\u00e4hrt Freiheit, denn nichts fehlt mehr.<br \/>\nAlles beginnt, in Erf\u00fcllung zu gehen, wenn man sich selbst meistert, sich selbst ganz erkennt.<\/p>\n<p>Dazu tritt man zum Quell und macht ihn sich bewusst \u2013 das Bewusstsein.<\/p>\n<\/div>\n<\/div><\/div><\/div><\/div><\/div><\/div><div id=\"pg-7056-9\"  class=\"panel-grid panel-no-style\" ><div id=\"pgc-7056-9-0\"  class=\"panel-grid-cell\" ><div id=\"panel-7056-9-0-0\" class=\"so-panel widget widget_sow-button panel-first-child panel-last-child\" data-index=\"10\" ><div class=\"panel-widget-style panel-widget-style-for-7056-9-0-0\" ><div\n\t\t\t\n\t\t\tclass=\"so-widget-sow-button so-widget-sow-button-wire-894366075533-7056\"\n\t\t\t\n\t\t><div class=\"ow-button-base ow-button-align-center\">\n\t<a href=\"https:\/\/consol.earth\/index.php\/coaching\/\" class=\"ow-icon-placement-left ow-button-hover\" \t\t>\n\t\t<span>\n\t\t\t\n\t\t\tIndividuelles Coaching\t\t<\/span>\n\t<\/a>\n<\/div>\n<\/div><\/div><\/div><\/div><div id=\"pgc-7056-9-1\"  class=\"panel-grid-cell\" ><div id=\"panel-7056-9-1-0\" class=\"so-panel widget widget_sow-button panel-first-child panel-last-child\" data-index=\"11\" ><div class=\"panel-widget-style panel-widget-style-for-7056-9-1-0\" ><div\n\t\t\t\n\t\t\tclass=\"so-widget-sow-button so-widget-sow-button-wire-894366075533-7056\"\n\t\t\t\n\t\t><div class=\"ow-button-base ow-button-align-center\">\n\t<a href=\"https:\/\/consol.earth\/index.php\/kontakt\/\" class=\"ow-icon-placement-left ow-button-hover\" \t\t>\n\t\t<span>\n\t\t\t\n\t\t\tCommunity\t\t<\/span>\n\t<\/a>\n<\/div>\n<\/div><\/div><\/div><\/div><div id=\"pgc-7056-9-2\"  class=\"panel-grid-cell\" ><div id=\"panel-7056-9-2-0\" class=\"so-panel widget widget_sow-button panel-first-child panel-last-child\" data-index=\"12\" ><div class=\"panel-widget-style panel-widget-style-for-7056-9-2-0\" ><div\n\t\t\t\n\t\t\tclass=\"so-widget-sow-button so-widget-sow-button-wire-894366075533-7056\"\n\t\t\t\n\t\t><div class=\"ow-button-base ow-button-align-center\">\n\t<a href=\"https:\/\/consol.earth\/index.php\/solutions-bewusstsein\/\" class=\"ow-icon-placement-left ow-button-hover\" \t\t>\n\t\t<span>\n\t\t\t\n\t\t\tKurs\u00fcbersicht\t\t<\/span>\n\t<\/a>\n<\/div>\n<\/div><\/div><\/div><\/div><\/div><div id=\"pg-7056-10\"  class=\"panel-grid panel-no-style\" ><div id=\"pgc-7056-10-0\"  class=\"panel-grid-cell\" ><div id=\"panel-7056-10-0-0\" class=\"so-panel widget widget_sow-image panel-first-child panel-last-child\" data-index=\"13\" ><div class=\"panel-widget-style panel-widget-style-for-7056-10-0-0\" ><div\n\t\t\t\n\t\t\tclass=\"so-widget-sow-image so-widget-sow-image-default-d6014b76747a-7056\"\n\t\t\t\n\t\t>\n\n<div class=\"sow-image-container\">\n\t\t<img src=\"https:\/\/i0.wp.com\/consol.earth\/wp-content\/uploads\/2022\/01\/ConSol_Logo_Rings_clear-e1642431901777.png?fit=1500%2C676&amp;ssl=1\" width=\"1500\" height=\"676\" title=\"ConSol_Logo_Rings_clear\" alt=\"\" loading=\"lazy\" \t\tclass=\"so-widget-image\"\/>\n\t<\/div>\n\n<\/div><\/div><\/div><\/div><\/div><\/div>","protected":false},"excerpt":{"rendered":"<p>Was ist das Bewusstsein? Das Bewusstsein ist das, wodurch wir wissen, dass es uns (wirklich) gibt. Unser Hier-Sein ist voller verschiedenster Geschehnisse \u2013 Gef\u00fchle, Handlungen, Impressionen, Verkn\u00fcpfungen, Erfahrungen \u2013 die wir nicht einfach blind ausleben, wie instinktive Maschinen. Wir sind allem bewusst, w\u00e4hrend es passiert. Unbewusstes Handeln hingegen, hat nichts mit mir zu tun. Unbewusstes [&hellip;]<\/p>\n","protected":false},"author":2,"featured_media":0,"parent":0,"menu_order":0,"comment_status":"closed","ping_status":"closed","template":"","meta":{"_monsterinsights_skip_tracking":false,"_monsterinsights_sitenote_active":false,"_monsterinsights_sitenote_note":"","_monsterinsights_sitenote_category":0,"jetpack_post_was_ever_published":false},"yoast_head":"<!-- This site is optimized with the Yoast SEO plugin v20.3 - https:\/\/yoast.com\/wordpress\/plugins\/seo\/ -->\n<title>Bewusstsein allgemeines - Consciousness Solutions<\/title>\n<meta name=\"robots\" content=\"index, follow, max-snippet:-1, max-image-preview:large, max-video-preview:-1\" \/>\n<link rel=\"canonical\" href=\"https:\/\/consol.earth\/index.php\/bewusstsein-allgemeines\/\" \/>\n<meta property=\"og:locale\" content=\"de_DE\" \/>\n<meta property=\"og:type\" content=\"article\" \/>\n<meta property=\"og:title\" content=\"Bewusstsein allgemeines - Consciousness Solutions\" \/>\n<meta property=\"og:description\" content=\"Was ist das Bewusstsein? Das Bewusstsein ist das, wodurch wir wissen, dass es uns (wirklich) gibt. Unser Hier-Sein ist voller verschiedenster Geschehnisse \u2013 Gef\u00fchle, Handlungen, Impressionen, Verkn\u00fcpfungen, Erfahrungen \u2013 die wir nicht einfach blind ausleben, wie instinktive Maschinen. Wir sind allem bewusst, w\u00e4hrend es passiert. Unbewusstes Handeln hingegen, hat nichts mit mir zu tun. Unbewusstes [&hellip;]\" \/>\n<meta property=\"og:url\" content=\"https:\/\/consol.earth\/index.php\/bewusstsein-allgemeines\/\" \/>\n<meta property=\"og:site_name\" content=\"Consciousness Solutions\" \/>\n<meta property=\"article:modified_time\" content=\"2023-03-14T20:11:41+00:00\" \/>\n<meta name=\"twitter:card\" content=\"summary_large_image\" \/>\n<meta name=\"twitter:label1\" content=\"Gesch\u00e4tzte Lesezeit\" \/>\n\t<meta name=\"twitter:data1\" content=\"3\u00a0Minuten\" \/>\n<script type=\"application\/ld+json\" class=\"yoast-schema-graph\">{\"@context\":\"https:\/\/schema.org\",\"@graph\":[{\"@type\":\"WebPage\",\"@id\":\"https:\/\/consol.earth\/index.php\/bewusstsein-allgemeines\/\",\"url\":\"https:\/\/consol.earth\/index.php\/bewusstsein-allgemeines\/\",\"name\":\"Bewusstsein allgemeines - Consciousness Solutions\",\"isPartOf\":{\"@id\":\"https:\/\/consol.earth\/#website\"},\"datePublished\":\"2022-06-28T13:55:05+00:00\",\"dateModified\":\"2023-03-14T20:11:41+00:00\",\"breadcrumb\":{\"@id\":\"https:\/\/consol.earth\/index.php\/bewusstsein-allgemeines\/#breadcrumb\"},\"inLanguage\":\"de\",\"potentialAction\":[{\"@type\":\"ReadAction\",\"target\":[\"https:\/\/consol.earth\/index.php\/bewusstsein-allgemeines\/\"]}]},{\"@type\":\"BreadcrumbList\",\"@id\":\"https:\/\/consol.earth\/index.php\/bewusstsein-allgemeines\/#breadcrumb\",\"itemListElement\":[{\"@type\":\"ListItem\",\"position\":1,\"name\":\"Startseite\",\"item\":\"https:\/\/consol.earth\/\"},{\"@type\":\"ListItem\",\"position\":2,\"name\":\"Bewusstsein allgemeines\"}]},{\"@type\":\"WebSite\",\"@id\":\"https:\/\/consol.earth\/#website\",\"url\":\"https:\/\/consol.earth\/\",\"name\":\"Consciousness Solutions\",\"description\":\"Bewusstsein ist die Wachheit, die das Licht ist, die das Innere beleuchtet.\",\"publisher\":{\"@id\":\"https:\/\/consol.earth\/#organization\"},\"potentialAction\":[{\"@type\":\"SearchAction\",\"target\":{\"@type\":\"EntryPoint\",\"urlTemplate\":\"https:\/\/consol.earth\/?s={search_term_string}\"},\"query-input\":\"required name=search_term_string\"}],\"inLanguage\":\"de\"},{\"@type\":\"Organization\",\"@id\":\"https:\/\/consol.earth\/#organization\",\"name\":\"Consciousness Solutions\",\"url\":\"https:\/\/consol.earth\/\",\"logo\":{\"@type\":\"ImageObject\",\"inLanguage\":\"de\",\"@id\":\"https:\/\/consol.earth\/#\/schema\/logo\/image\/\",\"url\":\"https:\/\/i0.wp.com\/consol.earth\/wp-content\/uploads\/2021\/10\/ConSol_Logo_Rings_No_Black_Lines.png?fit=801%2C368&ssl=1\",\"contentUrl\":\"https:\/\/i0.wp.com\/consol.earth\/wp-content\/uploads\/2021\/10\/ConSol_Logo_Rings_No_Black_Lines.png?fit=801%2C368&ssl=1\",\"width\":801,\"height\":368,\"caption\":\"Consciousness Solutions\"},\"image\":{\"@id\":\"https:\/\/consol.earth\/#\/schema\/logo\/image\/\"}}]}<\/script>\n<!-- \/ Yoast SEO plugin. -->","yoast_head_json":{"title":"Bewusstsein allgemeines - Consciousness Solutions","robots":{"index":"index","follow":"follow","max-snippet":"max-snippet:-1","max-image-preview":"max-image-preview:large","max-video-preview":"max-video-preview:-1"},"canonical":"https:\/\/consol.earth\/index.php\/bewusstsein-allgemeines\/","og_locale":"de_DE","og_type":"article","og_title":"Bewusstsein allgemeines - Consciousness Solutions","og_description":"Was ist das Bewusstsein? Das Bewusstsein ist das, wodurch wir wissen, dass es uns (wirklich) gibt. Unser Hier-Sein ist voller verschiedenster Geschehnisse \u2013 Gef\u00fchle, Handlungen, Impressionen, Verkn\u00fcpfungen, Erfahrungen \u2013 die wir nicht einfach blind ausleben, wie instinktive Maschinen. Wir sind allem bewusst, w\u00e4hrend es passiert. Unbewusstes Handeln hingegen, hat nichts mit mir zu tun. Unbewusstes [&hellip;]","og_url":"https:\/\/consol.earth\/index.php\/bewusstsein-allgemeines\/","og_site_name":"Consciousness Solutions","article_modified_time":"2023-03-14T20:11:41+00:00","twitter_card":"summary_large_image","twitter_misc":{"Gesch\u00e4tzte Lesezeit":"3\u00a0Minuten"},"schema":{"@context":"https:\/\/schema.org","@graph":[{"@type":"WebPage","@id":"https:\/\/consol.earth\/index.php\/bewusstsein-allgemeines\/","url":"https:\/\/consol.earth\/index.php\/bewusstsein-allgemeines\/","name":"Bewusstsein allgemeines - Consciousness Solutions","isPartOf":{"@id":"https:\/\/consol.earth\/#website"},"datePublished":"2022-06-28T13:55:05+00:00","dateModified":"2023-03-14T20:11:41+00:00","breadcrumb":{"@id":"https:\/\/consol.earth\/index.php\/bewusstsein-allgemeines\/#breadcrumb"},"inLanguage":"de","potentialAction":[{"@type":"ReadAction","target":["https:\/\/consol.earth\/index.php\/bewusstsein-allgemeines\/"]}]},{"@type":"BreadcrumbList","@id":"https:\/\/consol.earth\/index.php\/bewusstsein-allgemeines\/#breadcrumb","itemListElement":[{"@type":"ListItem","position":1,"name":"Startseite","item":"https:\/\/consol.earth\/"},{"@type":"ListItem","position":2,"name":"Bewusstsein allgemeines"}]},{"@type":"WebSite","@id":"https:\/\/consol.earth\/#website","url":"https:\/\/consol.earth\/","name":"Consciousness Solutions","description":"Bewusstsein ist die Wachheit, die das Licht ist, die das Innere beleuchtet.","publisher":{"@id":"https:\/\/consol.earth\/#organization"},"potentialAction":[{"@type":"SearchAction","target":{"@type":"EntryPoint","urlTemplate":"https:\/\/consol.earth\/?s={search_term_string}"},"query-input":"required name=search_term_string"}],"inLanguage":"de"},{"@type":"Organization","@id":"https:\/\/consol.earth\/#organization","name":"Consciousness Solutions","url":"https:\/\/consol.earth\/","logo":{"@type":"ImageObject","inLanguage":"de","@id":"https:\/\/consol.earth\/#\/schema\/logo\/image\/","url":"https:\/\/i0.wp.com\/consol.earth\/wp-content\/uploads\/2021\/10\/ConSol_Logo_Rings_No_Black_Lines.png?fit=801%2C368&ssl=1","contentUrl":"https:\/\/i0.wp.com\/consol.earth\/wp-content\/uploads\/2021\/10\/ConSol_Logo_Rings_No_Black_Lines.png?fit=801%2C368&ssl=1","width":801,"height":368,"caption":"Consciousness Solutions"},"image":{"@id":"https:\/\/consol.earth\/#\/schema\/logo\/image\/"}}]}},"jetpack_sharing_enabled":false,"jetpack_likes_enabled":false,"_links":{"self":[{"href":"https:\/\/consol.earth\/index.php\/wp-json\/wp\/v2\/pages\/7056"}],"collection":[{"href":"https:\/\/consol.earth\/index.php\/wp-json\/wp\/v2\/pages"}],"about":[{"href":"https:\/\/consol.earth\/index.php\/wp-json\/wp\/v2\/types\/page"}],"author":[{"embeddable":true,"href":"https:\/\/consol.earth\/index.php\/wp-json\/wp\/v2\/users\/2"}],"replies":[{"embeddable":true,"href":"https:\/\/consol.earth\/index.php\/wp-json\/wp\/v2\/comments?post=7056"}],"version-history":[{"count":19,"href":"https:\/\/consol.earth\/index.php\/wp-json\/wp\/v2\/pages\/7056\/revisions"}],"predecessor-version":[{"id":7235,"href":"https:\/\/consol.earth\/index.php\/wp-json\/wp\/v2\/pages\/7056\/revisions\/7235"}],"wp:attachment":[{"href":"https:\/\/consol.earth\/index.php\/wp-json\/wp\/v2\/media?parent=7056"}],"curies":[{"name":"wp","href":"https:\/\/api.w.org\/{rel}","templated":true}]}}